CRAN Package Check Results for Package ggstance

Last updated on 2019-01-15 00:46:28 CET.

Flavor Version Tinstall Tcheck Ttotal Status Flags
r-devel-linux-x86_64-debian-clang 0.3.1 4.55 47.42 51.97 ERROR
r-devel-linux-x86_64-debian-gcc 0.3.1 3.30 56.29 59.59 OK
r-devel-linux-x86_64-fedora-clang 0.3.1 94.29 OK
r-devel-linux-x86_64-fedora-gcc 0.3.1 86.97 OK
r-devel-windows-ix86+x86_64 0.3.1 9.00 91.00 100.00 OK
r-patched-linux-x86_64 0.3.1 4.62 69.13 73.75 OK
r-patched-solaris-x86 0.3.1 127.10 OK
r-release-linux-x86_64 0.3.1 4.65 69.04 73.69 OK
r-release-windows-ix86+x86_64 0.3.1 11.00 87.00 98.00 WARN
r-release-osx-x86_64 0.3.1 OK
r-oldrel-windows-ix86+x86_64 0.3.1 5.00 96.00 101.00 OK
r-oldrel-osx-x86_64 0.3.1 OK

Check Details

Version: 0.3.1
Check: package dependencies
Result: NOTE
    Package suggested but not available for checking: ‘vdiffr’
Flavor: r-devel-linux-x86_64-debian-clang

Version: 0.3.1
Check: tests
Result: ERROR
     Running ‘testthat.R’ [6s/7s]
    Running the tests in ‘tests/testthat.R’ failed.
    Complete output:
     > .libPaths()
     [1] "/tmp/RtmpJBvGV8/RLIBS_3cb479206777"
     [2] "/home/hornik/tmp/R.check/r-devel-clang/Work/build/library"
     > library("testthat")
     > library("ggstance")
     >
     > test_check("ggstance")
     ── 1. Error: geom_linerangeh() flips (@test-geoms.R#7) ────────────────────────
     there is no package called 'vdiffr'
     1: check_horizontal(v, h, "geom_linerangeh()") at testthat/test-geoms.R:7
     2: vdiffr::expect_doppelganger at /home/hornik/tmp/R.check/r-devel-clang/Work/PKGS/ggstance.Rcheck/tests/testthat/helper-utils.R:21
     3: getExportedValue(pkg, name)
     4: asNamespace(ns)
     5: getNamespace(ns)
     6: loadNamespace(name)
     7: withRestarts(stop(cond), retry_loadNamespace = function() NULL)
     8: withOneRestart(expr, restarts[[1L]])
     9: doWithOneRestart(return(expr), restart)
    
     ── 2. Error: geom_pointangeh() flips (@test-geoms.R#13) ───────────────────────
     there is no package called 'vdiffr'
     1: check_horizontal(v, h, "geom_pointrangeh()") at testthat/test-geoms.R:13
     2: vdiffr::expect_doppelganger at /home/hornik/tmp/R.check/r-devel-clang/Work/PKGS/ggstance.Rcheck/tests/testthat/helper-utils.R:21
     3: getExportedValue(pkg, name)
     4: asNamespace(ns)
     5: getNamespace(ns)
     6: loadNamespace(name)
     7: withRestarts(stop(cond), retry_loadNamespace = function() NULL)
     8: withOneRestart(expr, restarts[[1L]])
     9: doWithOneRestart(return(expr), restart)
    
     ── 3. Error: geom_crossbarh() flips (@test-geoms.R#31) ────────────────────────
     there is no package called 'vdiffr'
     1: check_horizontal(v, h, "geom_crossbarh()") at testthat/test-geoms.R:31
     2: vdiffr::expect_doppelganger at /home/hornik/tmp/R.check/r-devel-clang/Work/PKGS/ggstance.Rcheck/tests/testthat/helper-utils.R:21
     3: getExportedValue(pkg, name)
     4: asNamespace(ns)
     5: getNamespace(ns)
     6: loadNamespace(name)
     7: withRestarts(stop(cond), retry_loadNamespace = function() NULL)
     8: withOneRestart(expr, restarts[[1L]])
     9: doWithOneRestart(return(expr), restart)
    
     ── 4. Error: geom_errorbarh() flips (@test-geoms.R#37) ────────────────────────
     there is no package called 'vdiffr'
     1: check_horizontal(v, h, "geom_errorbarh()") at testthat/test-geoms.R:37
     2: vdiffr::expect_doppelganger at /home/hornik/tmp/R.check/r-devel-clang/Work/PKGS/ggstance.Rcheck/tests/testthat/helper-utils.R:21
     3: getExportedValue(pkg, name)
     4: asNamespace(ns)
     5: getNamespace(ns)
     6: loadNamespace(name)
     7: withRestarts(stop(cond), retry_loadNamespace = function() NULL)
     8: withOneRestart(expr, restarts[[1L]])
     9: doWithOneRestart(return(expr), restart)
    
     ── 5. Error: geom_barh() flips (@test-geoms.R#45) ─────────────────────────────
     there is no package called 'vdiffr'
     1: check_horizontal(v, h, "geom_barh()") at testthat/test-geoms.R:45
     2: vdiffr::expect_doppelganger at /home/hornik/tmp/R.check/r-devel-clang/Work/PKGS/ggstance.Rcheck/tests/testthat/helper-utils.R:21
     3: getExportedValue(pkg, name)
     4: asNamespace(ns)
     5: getNamespace(ns)
     6: loadNamespace(name)
     7: withRestarts(stop(cond), retry_loadNamespace = function() NULL)
     8: withOneRestart(expr, restarts[[1L]])
     9: doWithOneRestart(return(expr), restart)
    
     ── 6. Error: geom_colh() flips (@test-geoms.R#62) ─────────────────────────────
     there is no package called 'vdiffr'
     1: check_horizontal(v, h, "geom_colh()") at testthat/test-geoms.R:62
     2: vdiffr::expect_doppelganger at /home/hornik/tmp/R.check/r-devel-clang/Work/PKGS/ggstance.Rcheck/tests/testthat/helper-utils.R:21
     3: getExportedValue(pkg, name)
     4: asNamespace(ns)
     5: getNamespace(ns)
     6: loadNamespace(name)
     7: withRestarts(stop(cond), retry_loadNamespace = function() NULL)
     8: withOneRestart(expr, restarts[[1L]])
     9: doWithOneRestart(return(expr), restart)
    
     ── 7. Error: geom_histogramh() flips (@test-geoms.R#68) ───────────────────────
     there is no package called 'vdiffr'
     1: check_horizontal(v, h, "geom_histogramh()", TRUE) at testthat/test-geoms.R:68
     2: vdiffr::expect_doppelganger at /home/hornik/tmp/R.check/r-devel-clang/Work/PKGS/ggstance.Rcheck/tests/testthat/helper-utils.R:21
     3: getExportedValue(pkg, name)
     4: asNamespace(ns)
     5: getNamespace(ns)
     6: loadNamespace(name)
     7: withRestarts(stop(cond), retry_loadNamespace = function() NULL)
     8: withOneRestart(expr, restarts[[1L]])
     9: doWithOneRestart(return(expr), restart)
    
     ── 8. Error: geom_violinh() flips (@test-geoms.R#82) ──────────────────────────
     there is no package called 'vdiffr'
     1: check_horizontal(v, h, "geom_violinh()") at testthat/test-geoms.R:82
     2: vdiffr::expect_doppelganger at /home/hornik/tmp/R.check/r-devel-clang/Work/PKGS/ggstance.Rcheck/tests/testthat/helper-utils.R:21
     3: getExportedValue(pkg, name)
     4: asNamespace(ns)
     5: getNamespace(ns)
     6: loadNamespace(name)
     7: withRestarts(stop(cond), retry_loadNamespace = function() NULL)
     8: withOneRestart(expr, restarts[[1L]])
     9: doWithOneRestart(return(expr), restart)
    
     ── 9. Error: geom_boxploth() flips (@test-geoms.R#100) ────────────────────────
     there is no package called 'vdiffr'
     1: check_horizontal(v, h, "geom_boxploth()") at testthat/test-geoms.R:100
     2: vdiffr::expect_doppelganger at /home/hornik/tmp/R.check/r-devel-clang/Work/PKGS/ggstance.Rcheck/tests/testthat/helper-utils.R:21
     3: getExportedValue(pkg, name)
     4: asNamespace(ns)
     5: getNamespace(ns)
     6: loadNamespace(name)
     7: withRestarts(stop(cond), retry_loadNamespace = function() NULL)
     8: withOneRestart(expr, restarts[[1L]])
     9: doWithOneRestart(return(expr), restart)
    
     ── 10. Error: facet_grid() with free scales flips (@test-geoms.R#119) ─────────
     there is no package called 'vdiffr'
     1: check_horizontal(v, h, "facet_grid() with free scales") at testthat/test-geoms.R:119
     2: vdiffr::expect_doppelganger at /home/hornik/tmp/R.check/r-devel-clang/Work/PKGS/ggstance.Rcheck/tests/testthat/helper-utils.R:21
     3: getExportedValue(pkg, name)
     4: asNamespace(ns)
     5: getNamespace(ns)
     6: loadNamespace(name)
     7: withRestarts(stop(cond), retry_loadNamespace = function() NULL)
     8: withOneRestart(expr, restarts[[1L]])
     9: doWithOneRestart(return(expr), restart)
    
     ── 11. Error: scale information is preserved (@test-geoms.R#133) ──────────────
     there is no package called 'vdiffr'
     1: check_horizontal(v, h, "scales") at testthat/test-geoms.R:133
     2: vdiffr::expect_doppelganger at /home/hornik/tmp/R.check/r-devel-clang/Work/PKGS/ggstance.Rcheck/tests/testthat/helper-utils.R:21
     3: getExportedValue(pkg, name)
     4: asNamespace(ns)
     5: getNamespace(ns)
     6: loadNamespace(name)
     7: withRestarts(stop(cond), retry_loadNamespace = function() NULL)
     8: withOneRestart(expr, restarts[[1L]])
     9: doWithOneRestart(return(expr), restart)
    
     ── 12. Error: position_dodge() flips (@test-positions.R#10) ───────────────────
     there is no package called 'vdiffr'
     1: check_horizontal(v, h, "position-dodge") at testthat/test-positions.R:10
     2: vdiffr::expect_doppelganger at /home/hornik/tmp/R.check/r-devel-clang/Work/PKGS/ggstance.Rcheck/tests/testthat/helper-utils.R:21
     3: getExportedValue(pkg, name)
     4: asNamespace(ns)
     5: getNamespace(ns)
     6: loadNamespace(name)
     7: withRestarts(stop(cond), retry_loadNamespace = function() NULL)
     8: withOneRestart(expr, restarts[[1L]])
     9: doWithOneRestart(return(expr), restart)
    
     ── 13. Error: position_jitterdodge() flips (@test-positions.R#20) ─────────────
     there is no package called 'vdiffr'
     1: check_horizontal(v, h, "position-jitterdodge", TRUE) at testthat/test-positions.R:20
     2: vdiffr::expect_doppelganger at /home/hornik/tmp/R.check/r-devel-clang/Work/PKGS/ggstance.Rcheck/tests/testthat/helper-utils.R:21
     3: getExportedValue(pkg, name)
     4: asNamespace(ns)
     5: getNamespace(ns)
     6: loadNamespace(name)
     7: withRestarts(stop(cond), retry_loadNamespace = function() NULL)
     8: withOneRestart(expr, restarts[[1L]])
     9: doWithOneRestart(return(expr), restart)
    
     ── 14. Error: position_stackv() supports `hjust` argument (@test-positions.R#37)
     there is no package called 'vdiffr'
     1: check_horizontal(v, h, "position-stackv() with `hjust` argument") at testthat/test-positions.R:37
     2: vdiffr::expect_doppelganger at /home/hornik/tmp/R.check/r-devel-clang/Work/PKGS/ggstance.Rcheck/tests/testthat/helper-utils.R:21
     3: getExportedValue(pkg, name)
     4: asNamespace(ns)
     5: getNamespace(ns)
     6: loadNamespace(name)
     7: withRestarts(stop(cond), retry_loadNamespace = function() NULL)
     8: withOneRestart(expr, restarts[[1L]])
     9: doWithOneRestart(return(expr), restart)
    
     ── 15. Error: stat_summaryh() flips (@test-stats.R#21) ────────────────────────
     there is no package called 'vdiffr'
     1: check_horizontal(v, h, "stat_summaryh() with fun.data()") at testthat/test-stats.R:21
     2: vdiffr::expect_doppelganger at /home/hornik/tmp/R.check/r-devel-clang/Work/PKGS/ggstance.Rcheck/tests/testthat/helper-utils.R:21
     3: getExportedValue(pkg, name)
     4: asNamespace(ns)
     5: getNamespace(ns)
     6: loadNamespace(name)
     7: withRestarts(stop(cond), retry_loadNamespace = function() NULL)
     8: withOneRestart(expr, restarts[[1L]])
     9: doWithOneRestart(return(expr), restart)
    
     ── 16. Error: stat_summaryh() flips, with median_hilow_h summary (@test-stats.R#
     there is no package called 'vdiffr'
     1: check_horizontal(v, h, "stat_summaryh() with median_hilow_h()") at testthat/test-stats.R:50
     2: vdiffr::expect_doppelganger at /home/hornik/tmp/R.check/r-devel-clang/Work/PKGS/ggstance.Rcheck/tests/testthat/helper-utils.R:21
     3: getExportedValue(pkg, name)
     4: asNamespace(ns)
     5: getNamespace(ns)
     6: loadNamespace(name)
     7: withRestarts(stop(cond), retry_loadNamespace = function() NULL)
     8: withOneRestart(expr, restarts[[1L]])
     9: doWithOneRestart(return(expr), restart)
    
     ══ testthat results ═══════════════════════════════════════════════════════════
     OK: 18 SKIPPED: 0 FAILED: 16
     1. Error: geom_linerangeh() flips (@test-geoms.R#7)
     2. Error: geom_pointangeh() flips (@test-geoms.R#13)
     3. Error: geom_crossbarh() flips (@test-geoms.R#31)
     4. Error: geom_errorbarh() flips (@test-geoms.R#37)
     5. Error: geom_barh() flips (@test-geoms.R#45)
     6. Error: geom_colh() flips (@test-geoms.R#62)
     7. Error: geom_histogramh() flips (@test-geoms.R#68)
     8. Error: geom_violinh() flips (@test-geoms.R#82)
     9. Error: geom_boxploth() flips (@test-geoms.R#100)
     1. ...
    
     Error: testthat unit tests failed
     Execution halted
Flavor: r-devel-linux-x86_64-debian-clang

Version: 0.3.1
Check: whether package can be installed
Result: WARN
    Found the following significant warnings:
     Warning: S3 methods '[.fun_list', '[.grouped_df', 'all.equal.tbl_df', 'anti_join.data.frame', 'anti_join.tbl_df', 'arrange.data.frame', 'arrange.default', 'arrange.grouped_df', 'arrange.tbl_df', 'arrange_.data.frame', 'arrange_.tbl_df', 'as.data.frame.grouped_df', 'as.data.frame.rowwise_df', 'as.data.frame.tbl_cube', 'as.table.tbl_cube', 'as.tbl.data.frame', 'as.tbl.tbl', 'as.tbl_cube.array', 'as.tbl_cube.data.frame', 'as.tbl_cube.matrix', 'as.tbl_cube.table', 'as_tibble.grouped_df', 'as_tibble.tbl_cube', 'auto_copy.tbl_cube', 'auto_copy.tbl_df', 'cbind.grouped_df', 'collapse.data.frame', 'collect.data.frame', 'common_by.NULL', 'common_by.character', 'common_by.default', 'common_by.list', 'compute.data.frame', 'copy_to.DBIConnection', 'copy_to.src_local', 'default_missing.data.frame', 'default_missing.default', 'dim.tbl_cube', 'distinct.data.frame', 'distinct.default', 'distinct.grouped_df', 'distinct.tbl_df', 'distinct_.data.frame', 'distinct_.grouped_df', 'distinct_.tbl_df', 'do.NULL', 'do.da [... truncated]
Flavor: r-release-windows-ix86+x86_64