Last updated on 2019-01-15 00:46:28 CET.
Flavor | Version | Tinstall | Tcheck | Ttotal | Status | Flags |
---|---|---|---|---|---|---|
r-devel-linux-x86_64-debian-clang | 0.7.5 | 1.89 | 43.11 | 45.00 | OK | |
r-devel-linux-x86_64-debian-gcc | 0.7.5 | 1.11 | 28.66 | 29.77 | WARN | |
r-devel-linux-x86_64-fedora-clang | 0.7.5 | 55.65 | OK | |||
r-devel-linux-x86_64-fedora-gcc | 0.7.5 | 51.98 | OK | |||
r-devel-windows-ix86+x86_64 | 0.7.5 | 3.00 | 96.00 | 99.00 | OK | |
r-patched-linux-x86_64 | 0.7.5 | 1.57 | 41.30 | 42.87 | OK | |
r-patched-solaris-x86 | 0.7.5 | 77.70 | OK | |||
r-release-linux-x86_64 | 0.7.5 | 1.85 | 42.13 | 43.98 | OK | |
r-release-windows-ix86+x86_64 | 0.7.5 | 6.00 | 248.00 | 254.00 | OK | |
r-release-osx-x86_64 | 0.7.5 | OK | ||||
r-oldrel-windows-ix86+x86_64 | 0.7.5 | 4.00 | 114.00 | 118.00 | OK | |
r-oldrel-osx-x86_64 | 0.7.5 | OK |
Version: 0.7.5
Check: re-building of vignette outputs
Result: WARN
Error(s) in re-building vignettes:
...
--- re-building ‘Reading_GIFTI_Files.Rmd’ using rmarkdown
trying URL ‘http://johnmuschelli.com/gifti/BV_GIFTI.tar.gz’
Content type 'application/gzip' length 11249990 bytes (10.7 MB)
======================
downloaded 4.8 MB
Quitting from lines 43-46 (Reading_GIFTI_Files.Rmd)
Error: processing vignette 'Reading_GIFTI_Files.Rmd' failed with diagnostics:
download from 'http://johnmuschelli.com/gifti/BV_GIFTI.tar.gz' failed
--- failed re-building ‘Reading_GIFTI_Files.Rmd’
SUMMARY: processing the following file failed:
‘Reading_GIFTI_Files.Rmd’
Error: Vignette re-building failed.
Execution halted
Flavor: r-devel-linux-x86_64-debian-gcc