CRAN Package Check Results for Package gplots

Last updated on 2019-01-15 00:46:29 CET.

Flavor Version Tinstall Tcheck Ttotal Status Flags
r-devel-linux-x86_64-debian-clang 3.0.1 6.12 70.25 76.37 NOTE
r-devel-linux-x86_64-debian-gcc 3.0.1 5.26 52.15 57.41 NOTE
r-devel-linux-x86_64-fedora-clang 3.0.1 89.24 NOTE
r-devel-linux-x86_64-fedora-gcc 3.0.1 81.96 NOTE
r-devel-windows-ix86+x86_64 3.0.1 7.00 85.00 92.00 OK
r-patched-linux-x86_64 3.0.1 5.17 63.93 69.10 NOTE
r-patched-solaris-x86 3.0.1 119.10 NOTE
r-release-linux-x86_64 3.0.1 4.74 64.31 69.05 NOTE
r-release-windows-ix86+x86_64 3.0.1 11.00 80.00 91.00 OK
r-release-osx-x86_64 3.0.1 OK
r-oldrel-windows-ix86+x86_64 3.0.1 4.00 83.00 87.00 OK
r-oldrel-osx-x86_64 3.0.1 OK

Check Details

Version: 3.0.1
Check: S3 generic/method consistency
Result: NOTE
    Found the following apparent S3 methods exported but not registered:
     boxplot.n plot.lm2
    See section ‘Registering S3 methods’ in the ‘Writing R Extensions’
    manual.
Flavors: r-devel-linux-x86_64-debian-clang, r-devel-linux-x86_64-debian-gcc, r-devel-linux-x86_64-fedora-clang, r-devel-linux-x86_64-fedora-gcc, r-patched-linux-x86_64, r-patched-solaris-x86, r-release-linux-x86_64