CRAN Package Check Results for Package gridBase

Last updated on 2019-01-15 00:46:29 CET.

Flavor Version Tinstall Tcheck Ttotal Status Flags
r-devel-linux-x86_64-debian-clang 0.4-7 1.02 22.62 23.64 NOTE
r-devel-linux-x86_64-debian-gcc 0.4-7 0.71 18.39 19.10 NOTE
r-devel-linux-x86_64-fedora-clang 0.4-7 29.72 NOTE
r-devel-linux-x86_64-fedora-gcc 0.4-7 27.30 NOTE
r-devel-windows-ix86+x86_64 0.4-7 2.00 37.00 39.00 NOTE
r-patched-linux-x86_64 0.4-7 1.02 21.01 22.03 NOTE
r-patched-solaris-x86 0.4-7 42.40 NOTE
r-release-linux-x86_64 0.4-7 0.98 21.59 22.57 NOTE
r-release-windows-ix86+x86_64 0.4-7 6.00 36.00 42.00 NOTE
r-release-osx-x86_64 0.4-7 NOTE
r-oldrel-windows-ix86+x86_64 0.4-7 2.00 39.00 41.00 NOTE
r-oldrel-osx-x86_64 0.4-7 NOTE

Check Details

Version: 0.4-7
Check: DESCRIPTION meta-information
Result: NOTE
    Malformed Description field: should contain one or more complete sentences.
Flavors: r-devel-linux-x86_64-debian-clang, r-devel-linux-x86_64-debian-gcc, r-devel-linux-x86_64-fedora-clang, r-devel-linux-x86_64-fedora-gcc, r-devel-windows-ix86+x86_64, r-patched-linux-x86_64, r-patched-solaris-x86, r-release-linux-x86_64, r-release-windows-ix86+x86_64, r-release-osx-x86_64, r-oldrel-windows-ix86+x86_64, r-oldrel-osx-x86_64