CRAN Package Check Results for Package growfunctions

Last updated on 2019-01-15 00:46:29 CET.

Flavor Version Tinstall Tcheck Ttotal Status Flags
r-devel-linux-x86_64-debian-clang 0.14 210.23 107.96 318.19 OK
r-devel-linux-x86_64-debian-gcc 0.14 197.54 81.58 279.12 OK
r-devel-linux-x86_64-fedora-clang 0.14 471.68 NOTE
r-devel-linux-x86_64-fedora-gcc 0.14 424.68 OK
r-devel-windows-ix86+x86_64 0.14 368.00 194.00 562.00 OK
r-patched-linux-x86_64 0.14 236.53 101.20 337.73 OK
r-patched-solaris-x86 0.14 403.00 OK
r-release-linux-x86_64 0.14 243.03 101.05 344.08 OK
r-release-windows-ix86+x86_64 0.14 481.00 183.00 664.00 OK
r-release-osx-x86_64 0.14 NOTE
r-oldrel-windows-ix86+x86_64 0.14 395.00 209.00 604.00 OK
r-oldrel-osx-x86_64 0.14 NOTE

Check Details

Version: 0.14
Check: installed package size
Result: NOTE
     installed size is 16.0Mb
     sub-directories of 1Mb or more:
     libs 15.6Mb
Flavors: r-devel-linux-x86_64-fedora-clang, r-release-osx-x86_64, r-oldrel-osx-x86_64