Last updated on 2019-01-15 00:46:30 CET.
Flavor | Version | Tinstall | Tcheck | Ttotal | Status | Flags |
---|---|---|---|---|---|---|
r-devel-linux-x86_64-debian-clang | 1.0.6 | 3.24 | 50.37 | 53.61 | OK | |
r-devel-linux-x86_64-debian-gcc | 1.0.6 | 2.49 | 39.64 | 42.13 | OK | |
r-devel-linux-x86_64-fedora-clang | 1.0.6 | 66.47 | NOTE | |||
r-devel-linux-x86_64-fedora-gcc | 1.0.6 | 60.78 | NOTE | |||
r-devel-windows-ix86+x86_64 | 1.0.6 | 8.00 | 66.00 | 74.00 | OK | |
r-patched-linux-x86_64 | 1.0.6 | 2.53 | 46.70 | 49.23 | OK | |
r-patched-solaris-x86 | 1.0.6 | 94.70 | NOTE | |||
r-release-linux-x86_64 | 1.0.6 | 2.66 | 46.02 | 48.68 | OK | |
r-release-windows-ix86+x86_64 | 1.0.6 | 10.00 | 69.00 | 79.00 | OK | |
r-release-osx-x86_64 | 1.0.6 | NOTE | ||||
r-oldrel-windows-ix86+x86_64 | 1.0.6 | 8.00 | 72.00 | 80.00 | OK | |
r-oldrel-osx-x86_64 | 1.0.6 | NOTE |
Version: 1.0.6
Check: dependencies in R code
Result: NOTE
Namespaces in Imports field not imported from:
‘knitr’ ‘rmarkdown’
All declared Imports should be used.
Flavors: r-devel-linux-x86_64-fedora-clang, r-devel-linux-x86_64-fedora-gcc, r-patched-solaris-x86, r-release-osx-x86_64, r-oldrel-osx-x86_64