CRAN Package Check Results for Package highfrequency

Last updated on 2019-01-15 00:46:30 CET.

Flavor Version Tinstall Tcheck Ttotal Status Flags
r-devel-linux-x86_64-debian-clang 0.5.3 10.82 73.86 84.68 OK
r-devel-linux-x86_64-debian-gcc 0.5.3 10.04 58.05 68.09 OK
r-devel-linux-x86_64-fedora-clang 0.5.3 101.88 OK
r-devel-linux-x86_64-fedora-gcc 0.5.3 94.70 OK
r-devel-windows-ix86+x86_64 0.5.3 14.00 102.00 116.00 OK
r-patched-linux-x86_64 0.5.3 12.38 69.20 81.58 OK
r-patched-solaris-x86 0.5.3 132.90 OK
r-release-linux-x86_64 0.5.3 9.29 69.92 79.21 OK
r-release-windows-ix86+x86_64 0.5.3 26.00 98.00 124.00 OK
r-release-osx-x86_64 0.5.3 NOTE
r-oldrel-windows-ix86+x86_64 0.5.3 9.00 112.00 121.00 OK
r-oldrel-osx-x86_64 0.5.3 OK

Check Details

Version: 0.5.3
Check: package dependencies
Result: NOTE
    Package suggested but not available for checking: ‘FKF’
Flavor: r-release-osx-x86_64