CRAN Package Check Results for Package hot.deck

Last updated on 2019-01-15 00:46:30 CET.

Flavor Version Tinstall Tcheck Ttotal Status Flags
r-devel-linux-x86_64-debian-clang 1.1 6.83 97.01 103.84 OK
r-devel-linux-x86_64-debian-gcc 1.1 5.04 76.29 81.33 OK
r-devel-linux-x86_64-fedora-clang 1.1 121.55 OK
r-devel-linux-x86_64-fedora-gcc 1.1 115.00 OK
r-devel-windows-ix86+x86_64 1.1 11.00 107.00 118.00 OK
r-patched-linux-x86_64 1.1 6.45 91.47 97.92 OK
r-patched-solaris-x86 1.1 192.50 OK
r-release-linux-x86_64 1.1 6.56 91.27 97.83 OK
r-release-windows-ix86+x86_64 1.1 19.00 106.00 125.00 OK
r-release-osx-x86_64 1.1 OK
r-oldrel-windows-ix86+x86_64 1.1 13.00 136.00 149.00 OK
r-oldrel-osx-x86_64 1.1 NOTE

Check Details

Version: 1.1
Check: re-building of vignette outputs
Result: NOTE
    Error in re-building vignettes:
     ...
    Loading required package: mice
    Warning in hot.deck(isq99, sdCutoff = 3, IDvars = c("IDORIGIN", "YEAR")) :
     52 observations with no observed data. These observations were removed
    
    Warning in hot.deck(isq99, sdCutoff = 3, IDvars = c("IDORIGIN", "YEAR")) :
     45 of 4661 imputations with # donors < 5, consider increasing sdCutoff or using method='p.draw'
    
    * miceadds 2.3-0 (2017-02-21 15:02:53)
    Error in texi2dvi(file = file, pdf = TRUE, clean = clean, quiet = quiet, :
     Running 'texi2dvi' on 'Using_Hot_Deck_Data.tex' failed.
    LaTeX errors:
    ! LaTeX Error: File `multirow.sty' not found.
    
    Type X to quit or <RETURN> to proceed,
    or enter new name. (Default extension: sty)
    
    ! Emergency stop.
    <read *>
    
    l.4 \usepackage
     {graphicx, subfigure, float} % graphics commands^^M
    ! ==> Fatal error occurred, no output PDF file produced!
    Calls: buildVignettes -> texi2pdf -> texi2dvi
    Execution halted
Flavor: r-oldrel-osx-x86_64