Last updated on 2019-01-15 00:46:30 CET.
Flavor | Version | Tinstall | Tcheck | Ttotal | Status | Flags |
---|---|---|---|---|---|---|
r-devel-linux-x86_64-debian-clang | 0.2.0 | 10.41 | 160.78 | 171.19 | OK | |
r-devel-linux-x86_64-debian-gcc | 0.2.0 | 9.71 | 117.92 | 127.63 | OK | |
r-devel-linux-x86_64-fedora-clang | 0.2.0 | 201.63 | NOTE | |||
r-devel-linux-x86_64-fedora-gcc | 0.2.0 | 185.02 | NOTE | |||
r-devel-windows-ix86+x86_64 | 0.2.0 | 20.00 | 175.00 | 195.00 | OK | |
r-patched-linux-x86_64 | 0.2.0 | 10.88 | 149.93 | 160.81 | OK | |
r-patched-solaris-x86 | 0.2.0 | 309.50 | NOTE | |||
r-release-linux-x86_64 | 0.2.0 | 11.13 | 151.18 | 162.31 | OK | |
r-release-windows-ix86+x86_64 | 0.2.0 | 28.00 | 167.00 | 195.00 | OK | |
r-release-osx-x86_64 | 0.2.0 | NOTE | ||||
r-oldrel-windows-ix86+x86_64 | 0.2.0 | 17.00 | 192.00 | 209.00 | OK | |
r-oldrel-osx-x86_64 | 0.2.0 | NOTE |
Version: 0.2.0
Check: dependencies in R code
Result: NOTE
Namespace in Imports field not imported from: ‘knitr’
All declared Imports should be used.
Flavors: r-devel-linux-x86_64-fedora-clang, r-devel-linux-x86_64-fedora-gcc, r-patched-solaris-x86, r-release-osx-x86_64, r-oldrel-osx-x86_64