Last updated on 2019-01-15 00:46:30 CET.
Flavor | Version | Tinstall | Tcheck | Ttotal | Status | Flags |
---|---|---|---|---|---|---|
r-devel-linux-x86_64-debian-clang | 0.1.4 | 26.78 | 22.40 | 49.18 | OK | |
r-devel-linux-x86_64-debian-gcc | 0.1.4 | 23.23 | 18.45 | 41.68 | OK | |
r-devel-linux-x86_64-fedora-clang | 0.1.4 | 68.64 | NOTE | |||
r-devel-linux-x86_64-fedora-gcc | 0.1.4 | 64.44 | NOTE | |||
r-devel-windows-ix86+x86_64 | 0.1.4 | 112.00 | 53.00 | 165.00 | NOTE | |
r-patched-linux-x86_64 | 0.1.4 | 30.52 | 20.39 | 50.91 | OK | |
r-patched-solaris-x86 | 0.1.4 | 69.20 | OK | |||
r-release-linux-x86_64 | 0.1.4 | 26.77 | 20.49 | 47.26 | OK | |
r-release-windows-ix86+x86_64 | 0.1.4 | 119.00 | 49.00 | 168.00 | NOTE | |
r-release-osx-x86_64 | 0.1.4 | OK | ||||
r-oldrel-windows-ix86+x86_64 | 0.1.4 | 102.00 | 49.00 | 151.00 | NOTE | |
r-oldrel-osx-x86_64 | 0.1.4 | OK |
Version: 0.1.4
Check: compiled code
Result: NOTE
File ‘htdp/libs/htdp.so’:
Found no calls to: ‘R_registerRoutines’, ‘R_useDynamicSymbols’
It is good practice to register native routines and to disable symbol
search.
See ‘Writing portable packages’ in the ‘Writing R Extensions’ manual.
Flavors: r-devel-linux-x86_64-fedora-clang, r-devel-linux-x86_64-fedora-gcc
Version: 0.1.4
Check: installed package size
Result: NOTE
installed size is 5.9Mb
sub-directories of 1Mb or more:
libs 5.8Mb
Flavors: r-devel-windows-ix86+x86_64, r-release-windows-ix86+x86_64, r-oldrel-windows-ix86+x86_64