Last updated on 2019-01-15 00:46:31 CET.
Flavor | Version | Tinstall | Tcheck | Ttotal | Status | Flags |
---|---|---|---|---|---|---|
r-devel-linux-x86_64-debian-clang | 0.9.7 | 9.25 | 73.66 | 82.91 | NOTE | |
r-devel-linux-x86_64-debian-gcc | 0.9.7 | 8.00 | 57.94 | 65.94 | NOTE | |
r-devel-linux-x86_64-fedora-clang | 0.9.7 | 96.32 | NOTE | |||
r-devel-linux-x86_64-fedora-gcc | 0.9.7 | 89.10 | NOTE | |||
r-devel-windows-ix86+x86_64 | 0.9.7 | 14.00 | 81.00 | 95.00 | OK | |
r-patched-linux-x86_64 | 0.9.7 | 8.01 | 65.79 | 73.80 | NOTE | |
r-patched-solaris-x86 | 0.9.7 | 135.90 | NOTE | |||
r-release-linux-x86_64 | 0.9.7 | 9.70 | 64.83 | 74.53 | NOTE | |
r-release-windows-ix86+x86_64 | 0.9.7 | 20.00 | 81.00 | 101.00 | OK | |
r-release-osx-x86_64 | 0.9.7 | OK | ||||
r-oldrel-windows-ix86+x86_64 | 0.9.7 | 11.00 | 87.00 | 98.00 | OK | |
r-oldrel-osx-x86_64 | 0.9.7 | OK |
Version: 0.9.7
Check: package dependencies
Result: NOTE
Package suggested but not available for checking: ‘financial’
Flavors: r-devel-linux-x86_64-debian-clang, r-devel-linux-x86_64-debian-gcc, r-devel-linux-x86_64-fedora-clang, r-devel-linux-x86_64-fedora-gcc, r-patched-linux-x86_64, r-patched-solaris-x86, r-release-linux-x86_64