CRAN Package Check Results for Package iemisctext

Last updated on 2019-01-15 00:46:31 CET.

Flavor Version Tinstall Tcheck Ttotal Status Flags
r-devel-linux-x86_64-debian-clang 0.9.99 0.84 22.89 23.73 OK
r-devel-linux-x86_64-debian-gcc 0.9.99 0.87 18.45 19.32 OK
r-devel-linux-x86_64-fedora-clang 0.9.99 29.13 NOTE
r-devel-linux-x86_64-fedora-gcc 0.9.99 27.33 NOTE
r-devel-windows-ix86+x86_64 0.9.99 3.00 39.00 42.00 OK
r-patched-linux-x86_64 0.9.99 1.05 20.29 21.34 OK
r-patched-solaris-x86 0.9.99 38.40 NOTE
r-release-linux-x86_64 0.9.99 1.11 20.54 21.65 OK
r-release-windows-ix86+x86_64 0.9.99 4.00 36.00 40.00 OK
r-release-osx-x86_64 0.9.99 NOTE
r-oldrel-windows-ix86+x86_64 0.9.99 3.00 38.00 41.00 OK
r-oldrel-osx-x86_64 0.9.99 NOTE

Check Details

Version: 0.9.99
Check: data for non-ASCII characters
Result: NOTE
     Note: found 40 marked UTF-8 strings
Flavors: r-devel-linux-x86_64-fedora-clang, r-devel-linux-x86_64-fedora-gcc, r-patched-solaris-x86, r-release-osx-x86_64, r-oldrel-osx-x86_64