CRAN Package Check Results for Package install.load

Last updated on 2019-01-15 00:46:31 CET.

Flavor Version Tinstall Tcheck Ttotal Status Flags
r-devel-linux-x86_64-debian-clang 1.2.1 0.83 16.39 17.22 OK
r-devel-linux-x86_64-debian-gcc 1.2.1 0.69 13.25 13.94 OK
r-devel-linux-x86_64-fedora-clang 1.2.1 20.68 OK
r-devel-linux-x86_64-fedora-gcc 1.2.1 18.97 OK
r-devel-windows-ix86+x86_64 1.2.1 2.00 26.00 28.00 OK
r-patched-linux-x86_64 1.2.1 0.77 15.16 15.93 OK
r-patched-solaris-x86 1.2.1 30.30 OK
r-release-linux-x86_64 1.2.1 0.80 15.05 15.85 OK
r-release-windows-ix86+x86_64 1.2.1 3.00 28.00 31.00 OK
r-release-osx-x86_64 1.2.1 OK
r-oldrel-windows-ix86+x86_64 1.2.1 3.00 26.00 29.00 OK
r-oldrel-osx-x86_64 1.2.1 NOTE

Check Details

Version: 1.2.1
Check: package dependencies
Result: NOTE
    Packages suggested but not available for checking: ‘easypackages’ ‘pacman’
Flavor: r-oldrel-osx-x86_64

Version: 1.2.1
Check: Rd cross-references
Result: NOTE
    Packages unavailable to check Rd xrefs: ‘easypackages’, ‘pacman’
Flavor: r-oldrel-osx-x86_64