Last updated on 2019-01-15 00:46:31 CET.
Flavor | Version | Tinstall | Tcheck | Ttotal | Status | Flags |
---|---|---|---|---|---|---|
r-devel-linux-x86_64-debian-clang | 0.6.1 | 35.58 | 37.51 | 73.09 | OK | |
r-devel-linux-x86_64-debian-gcc | 0.6.1 | 34.72 | 29.57 | 64.29 | OK | |
r-devel-linux-x86_64-fedora-clang | 0.6.1 | 106.00 | NOTE | |||
r-devel-linux-x86_64-fedora-gcc | 0.6.1 | 98.24 | NOTE | |||
r-devel-windows-ix86+x86_64 | 0.6.1 | 82.00 | 80.00 | 162.00 | OK | |
r-patched-linux-x86_64 | 0.6.1 | 39.66 | 33.26 | 72.92 | OK | |
r-release-linux-x86_64 | 0.6.1 | 42.81 | 33.74 | 76.55 | OK | |
r-release-windows-ix86+x86_64 | 0.6.1 | 114.00 | 73.00 | 187.00 | OK | |
r-release-osx-x86_64 | 0.6.1 | NOTE | ||||
r-oldrel-windows-ix86+x86_64 | 0.6.1 | 85.00 | 81.00 | 166.00 | OK | |
r-oldrel-osx-x86_64 | 0.6.1 | NOTE |
Version: 0.6.1
Check: data for non-ASCII characters
Result: NOTE
Note: found 12 marked UTF-8 strings
Flavors: r-devel-linux-x86_64-fedora-clang, r-devel-linux-x86_64-fedora-gcc, r-release-osx-x86_64, r-oldrel-osx-x86_64