CRAN Package Check Results for Package ivprobit

Last updated on 2019-01-15 00:46:32 CET.

Flavor Version Tinstall Tcheck Ttotal Status Flags
r-devel-linux-x86_64-debian-clang 1.1 1.05 18.41 19.46 OK
r-devel-linux-x86_64-debian-gcc 1.1 0.81 14.49 15.30 OK
r-devel-linux-x86_64-fedora-clang 1.1 23.15 NOTE
r-devel-linux-x86_64-fedora-gcc 1.1 21.67 NOTE
r-devel-windows-ix86+x86_64 1.1 2.00 31.00 33.00 OK
r-patched-linux-x86_64 1.1 0.89 16.85 17.74 OK
r-patched-solaris-x86 1.1 34.60 NOTE
r-release-linux-x86_64 1.1 0.98 16.99 17.97 OK
r-release-windows-ix86+x86_64 1.1 2.00 30.00 32.00 OK
r-release-osx-x86_64 1.1 NOTE
r-oldrel-windows-ix86+x86_64 1.1 2.00 40.00 42.00 OK
r-oldrel-osx-x86_64 1.1 NOTE

Check Details

Version: 1.1
Check: dependencies in R code
Result: NOTE
    Namespace in Imports field not imported from: ‘methods’
     All declared Imports should be used.
Flavors: r-devel-linux-x86_64-fedora-clang, r-devel-linux-x86_64-fedora-gcc, r-patched-solaris-x86, r-release-osx-x86_64, r-oldrel-osx-x86_64