CRAN Package Check Results for Package jmcm

Last updated on 2019-01-15 00:46:32 CET.

Flavor Version Tinstall Tcheck Ttotal Status Flags
r-devel-linux-x86_64-debian-clang 0.2.1 50.45 132.50 182.95 OK
r-devel-linux-x86_64-debian-gcc 0.2.1 45.67 129.05 174.72 OK
r-devel-linux-x86_64-fedora-clang 0.2.1 242.00 NOTE
r-devel-linux-x86_64-fedora-gcc 0.2.1 264.39 NOTE
r-devel-windows-ix86+x86_64 0.2.1 99.00 396.00 495.00 OK
r-patched-linux-x86_64 0.2.1 53.43 159.21 212.64 OK
r-patched-solaris-x86 0.2.1 419.70 NOTE
r-release-linux-x86_64 0.2.1 51.56 160.07 211.63 OK
r-release-windows-ix86+x86_64 0.2.1 136.00 387.00 523.00 OK
r-release-osx-x86_64 0.2.1 NOTE
r-oldrel-windows-ix86+x86_64 0.2.1 109.00 423.00 532.00 OK
r-oldrel-osx-x86_64 0.2.1 NOTE

Check Details

Version: 0.2.1
Check: installed package size
Result: NOTE
     installed size is 5.6Mb
     sub-directories of 1Mb or more:
     libs 4.5Mb
Flavors: r-devel-linux-x86_64-fedora-clang, r-release-osx-x86_64, r-oldrel-osx-x86_64

Version: 0.2.1
Check: dependencies in R code
Result: NOTE
    Namespace in Imports field not imported from: ‘lattice’
     All declared Imports should be used.
Flavors: r-devel-linux-x86_64-fedora-clang, r-devel-linux-x86_64-fedora-gcc, r-patched-solaris-x86, r-release-osx-x86_64, r-oldrel-osx-x86_64