CRAN Package Check Results for Package kableExtra

Last updated on 2019-01-15 00:46:32 CET.

Flavor Version Tinstall Tcheck Ttotal Status Flags
r-devel-linux-x86_64-debian-clang 0.9.0 4.99 65.20 70.19 WARN
r-devel-linux-x86_64-debian-gcc 0.9.0 3.57 50.34 53.91 WARN
r-devel-linux-x86_64-fedora-clang 0.9.0 87.57 OK
r-devel-linux-x86_64-fedora-gcc 0.9.0 81.47 OK
r-devel-windows-ix86+x86_64 0.9.0 8.00 100.00 108.00 OK
r-patched-linux-x86_64 0.9.0 3.56 51.51 55.07 WARN
r-patched-solaris-x86 0.9.0 102.90 OK
r-release-linux-x86_64 0.9.0 5.57 51.34 56.91 WARN
r-release-windows-ix86+x86_64 0.9.0 15.00 87.00 102.00 OK
r-release-osx-x86_64 0.9.0 OK
r-oldrel-windows-ix86+x86_64 0.9.0 8.00 100.00 108.00 OK
r-oldrel-osx-x86_64 0.9.0 OK

Check Details

Version: 0.9.0
Check: re-building of vignette outputs
Result: WARN
    Error(s) in re-building vignettes:
     ...
    --- re-building ‘awesome_table_in_html.Rmd’ using rmarkdown
    
    Attaching package: 'dplyr'
    
    The following objects are masked from 'package:stats':
    
     filter, lag
    
    The following objects are masked from 'package:base':
    
     intersect, setdiff, setequal, union
    
    --- finished re-building ‘awesome_table_in_html.Rmd’
    
    --- re-building ‘awesome_table_in_pdf.Rmd’ using rmarkdown
    
    Attaching package: 'dplyr'
    
    The following objects are masked from 'package:stats':
    
     filter, lag
    
    The following objects are masked from 'package:base':
    
     intersect, setdiff, setequal, union
    
    ! LaTeX Error: Option clash for package xcolor.
    
    Error: processing vignette 'awesome_table_in_pdf.Rmd' failed with diagnostics:
    Failed to compile awesome_table_in_pdf.tex. See awesome_table_in_pdf.log for more info.
    --- failed re-building ‘awesome_table_in_pdf.Rmd’
    
    --- re-building ‘best_practice_for_newline_in_latex_table.Rmd’ using rmarkdown
    
    Attaching package: 'dplyr'
    
    The following objects are masked from 'package:stats':
    
     filter, lag
    
    The following objects are masked from 'package:base':
    
     intersect, setdiff, setequal, union
    
    ! LaTeX Error: Option clash for package xcolor.
    
    Error: processing vignette 'best_practice_for_newline_in_latex_table.Rmd' failed with diagnostics:
    Failed to compile best_practice_for_newline_in_latex_table.tex. See best_practice_for_newline_in_latex_table.log for more info.
    --- failed re-building ‘best_practice_for_newline_in_latex_table.Rmd’
    
    --- re-building ‘legacy_features.Rmd’ using rmarkdown
    --- finished re-building ‘legacy_features.Rmd’
    
    --- re-building ‘use_kableExtra_with_formattable.Rmd’ using rmarkdown
    
    Attaching package: 'dplyr'
    
    The following objects are masked from 'package:stats':
    
     filter, lag
    
    The following objects are masked from 'package:base':
    
     intersect, setdiff, setequal, union
    
    --- finished re-building ‘use_kableExtra_with_formattable.Rmd’
    
    --- re-building ‘use_kable_in_shiny.Rmd’ using rmarkdown
    --- finished re-building ‘use_kable_in_shiny.Rmd’
    
    SUMMARY: processing the following files failed:
     ‘awesome_table_in_pdf.Rmd’
     ‘best_practice_for_newline_in_latex_table.Rmd’
    
    Error: Vignette re-building failed.
    Execution halted
Flavors: r-devel-linux-x86_64-debian-clang, r-devel-linux-x86_64-debian-gcc

Version: 0.9.0
Check: re-building of vignette outputs
Result: WARN
    Error in re-building vignettes:
     ...
    
    Attaching package: 'dplyr'
    
    The following objects are masked from 'package:stats':
    
     filter, lag
    
    The following objects are masked from 'package:base':
    
     intersect, setdiff, setequal, union
    
    ! LaTeX Error: Option clash for package xcolor.
    
    Error: processing vignette ‘awesome_table_in_pdf.Rmd’ failed with diagnostics:
    Failed to compile awesome_table_in_pdf.tex. See awesome_table_in_pdf.log for more info.
    Execution halted
Flavors: r-patched-linux-x86_64, r-release-linux-x86_64