Last updated on 2019-01-15 00:46:32 CET.
Flavor | Version | Tinstall | Tcheck | Ttotal | Status | Flags |
---|---|---|---|---|---|---|
r-devel-linux-x86_64-debian-clang | 0.1.1.2 | 14.99 | 28.65 | 43.64 | OK | |
r-devel-linux-x86_64-debian-gcc | 0.1.1.2 | 14.61 | 22.67 | 37.28 | OK | |
r-devel-linux-x86_64-fedora-clang | 0.1.1.2 | 58.85 | NOTE | |||
r-devel-linux-x86_64-fedora-gcc | 0.1.1.2 | 54.21 | NOTE | |||
r-devel-windows-ix86+x86_64 | 0.1.1.2 | 33.00 | 60.00 | 93.00 | OK | |
r-patched-linux-x86_64 | 0.1.1.2 | 18.04 | 26.15 | 44.19 | OK | |
r-patched-solaris-x86 | 0.1.1.2 | 67.40 | NOTE | |||
r-release-linux-x86_64 | 0.1.1.2 | 17.54 | 26.39 | 43.93 | OK | |
r-release-windows-ix86+x86_64 | 0.1.1.2 | 40.00 | 54.00 | 94.00 | OK | |
r-release-osx-x86_64 | 0.1.1.2 | NOTE | ||||
r-oldrel-windows-ix86+x86_64 | 0.1.1.2 | 29.00 | 64.00 | 93.00 | OK | |
r-oldrel-osx-x86_64 | 0.1.1.2 | NOTE |
Version: 0.1.1.2
Check: dependencies in R code
Result: NOTE
Namespace in Imports field not imported from: ‘mclust’
All declared Imports should be used.
Flavors: r-devel-linux-x86_64-fedora-clang, r-devel-linux-x86_64-fedora-gcc, r-patched-solaris-x86, r-release-osx-x86_64, r-oldrel-osx-x86_64