Last updated on 2019-01-15 00:46:32 CET.
Flavor | Version | Tinstall | Tcheck | Ttotal | Status | Flags |
---|---|---|---|---|---|---|
r-devel-linux-x86_64-debian-clang | 1.0.0 | 2.94 | 46.04 | 48.98 | OK | |
r-devel-linux-x86_64-debian-gcc | 1.0.0 | 2.17 | 33.82 | 35.99 | OK | |
r-devel-linux-x86_64-fedora-clang | 1.0.0 | 59.67 | NOTE | |||
r-devel-linux-x86_64-fedora-gcc | 1.0.0 | 54.95 | NOTE | |||
r-devel-windows-ix86+x86_64 | 1.0.0 | 4.00 | 57.00 | 61.00 | OK | |
r-patched-linux-x86_64 | 1.0.0 | 2.71 | 41.82 | 44.53 | OK | |
r-patched-solaris-x86 | 1.0.0 | 75.20 | NOTE | |||
r-release-linux-x86_64 | 1.0.0 | 1.68 | 41.45 | 43.13 | OK | |
r-release-windows-ix86+x86_64 | 1.0.0 | 6.00 | 50.00 | 56.00 | OK | |
r-release-osx-x86_64 | 1.0.0 | NOTE | ||||
r-oldrel-windows-ix86+x86_64 | 1.0.0 | 4.00 | 84.00 | 88.00 | OK | |
r-oldrel-osx-x86_64 | 1.0.0 | NOTE |
Version: 1.0.0
Check: dependencies in R code
Result: NOTE
Namespaces in Imports field not imported from:
‘EQL’ ‘knitr’ ‘rmarkdown’
All declared Imports should be used.
Flavors: r-devel-linux-x86_64-fedora-clang, r-devel-linux-x86_64-fedora-gcc, r-patched-solaris-x86, r-release-osx-x86_64, r-oldrel-osx-x86_64