Last updated on 2019-01-15 00:46:32 CET.
Flavor | Version | Tinstall | Tcheck | Ttotal | Status | Flags |
---|---|---|---|---|---|---|
r-devel-linux-x86_64-debian-clang | 0.3.1 | 67.55 | 103.86 | 171.41 | OK | |
r-devel-linux-x86_64-debian-gcc | 0.3.1 | 54.93 | 77.78 | 132.71 | OK | |
r-devel-linux-x86_64-fedora-clang | 0.3.1 | 224.06 | NOTE | |||
r-devel-linux-x86_64-fedora-gcc | 0.3.1 | 201.00 | OK | |||
r-devel-windows-ix86+x86_64 | 0.3.1 | 121.00 | 128.00 | 249.00 | OK | |
r-patched-linux-x86_64 | 0.3.1 | 60.85 | 102.48 | 163.33 | OK | |
r-patched-solaris-x86 | 0.3.1 | 314.10 | OK | |||
r-release-linux-x86_64 | 0.3.1 | 66.21 | 102.05 | 168.26 | OK | |
r-release-windows-ix86+x86_64 | 0.3.1 | 156.00 | 121.00 | 277.00 | OK | |
r-release-osx-x86_64 | 0.3.1 | NOTE | ||||
r-oldrel-windows-ix86+x86_64 | 0.3.1 | 118.00 | 150.00 | 268.00 | OK | |
r-oldrel-osx-x86_64 | 0.3.1 | NOTE |
Version: 0.3.1
Check: installed package size
Result: NOTE
installed size is 11.2Mb
sub-directories of 1Mb or more:
doc 1.3Mb
libs 9.6Mb
Flavors: r-devel-linux-x86_64-fedora-clang, r-release-osx-x86_64, r-oldrel-osx-x86_64