Last updated on 2019-01-15 00:46:32 CET.
Flavor | Version | Tinstall | Tcheck | Ttotal | Status | Flags |
---|---|---|---|---|---|---|
r-devel-linux-x86_64-debian-clang | 2.2.4 | 15.03 | 155.38 | 170.41 | OK | |
r-devel-linux-x86_64-debian-gcc | 2.2.4 | 12.80 | 120.57 | 133.37 | OK | |
r-devel-linux-x86_64-fedora-clang | 2.2.4 | 203.87 | NOTE | |||
r-devel-linux-x86_64-fedora-gcc | 2.2.4 | 192.98 | OK | |||
r-devel-windows-ix86+x86_64 | 2.2.4 | 25.00 | 181.00 | 206.00 | NOTE | |
r-patched-linux-x86_64 | 2.2.4 | 13.42 | 112.59 | 126.01 | OK | |
r-patched-solaris-x86 | 2.2.4 | 616.10 | NOTE | |||
r-release-linux-x86_64 | 2.2.4 | 13.85 | 111.70 | 125.55 | OK | |
r-release-windows-ix86+x86_64 | 2.2.4 | 34.00 | 126.00 | 160.00 | NOTE | |
r-release-osx-x86_64 | 2.2.4 | NOTE | ||||
r-oldrel-windows-ix86+x86_64 | 2.2.4 | 20.00 | 165.00 | 185.00 | NOTE | |
r-oldrel-osx-x86_64 | 2.2.4 | NOTE |
Version: 2.2.4
Check: installed package size
Result: NOTE
installed size is 5.9Mb
sub-directories of 1Mb or more:
doc 4.4Mb
Flavors: r-devel-linux-x86_64-fedora-clang, r-devel-windows-ix86+x86_64, r-patched-solaris-x86, r-release-windows-ix86+x86_64, r-release-osx-x86_64, r-oldrel-windows-ix86+x86_64, r-oldrel-osx-x86_64