Last updated on 2019-01-15 00:46:32 CET.
Flavor | Version | Tinstall | Tcheck | Ttotal | Status | Flags |
---|---|---|---|---|---|---|
r-devel-linux-x86_64-debian-clang | 0.11-5 | 11.97 | 110.36 | 122.33 | NOTE | |
r-devel-linux-x86_64-debian-gcc | 0.11-5 | 12.12 | 84.62 | 96.74 | NOTE | |
r-devel-linux-x86_64-fedora-clang | 0.11-5 | 145.78 | NOTE | |||
r-devel-linux-x86_64-fedora-gcc | 0.11-5 | 133.26 | NOTE | |||
r-devel-windows-ix86+x86_64 | 0.11-5 | 22.00 | 121.00 | 143.00 | NOTE | |
r-patched-linux-x86_64 | 0.11-5 | 10.94 | 107.25 | 118.19 | NOTE | |
r-patched-solaris-x86 | 0.11-5 | 179.80 | NOTE | |||
r-release-linux-x86_64 | 0.11-5 | 14.34 | 105.11 | 119.45 | NOTE | |
r-release-windows-ix86+x86_64 | 0.11-5 | 25.00 | 116.00 | 141.00 | NOTE | |
r-release-osx-x86_64 | 0.11-5 | NOTE | ||||
r-oldrel-windows-ix86+x86_64 | 0.11-5 | 8.00 | 129.00 | 137.00 | NOTE | |
r-oldrel-osx-x86_64 | 0.11-5 | NOTE |
Version: 0.11-5
Check: package dependencies
Result: NOTE
Packages suggested but not available for checking:
'koRpus.lang.de', 'koRpus.lang.es', 'koRpus.lang.fr',
'koRpus.lang.it', 'koRpus.lang.ru'
Package which this enhances but not available for checking: ‘rkward’
Flavors: r-devel-linux-x86_64-debian-clang, r-devel-linux-x86_64-debian-gcc, r-devel-linux-x86_64-fedora-clang, r-devel-linux-x86_64-fedora-gcc, r-devel-windows-ix86+x86_64
Version: 0.11-5
Check: package dependencies
Result: NOTE
Packages suggested but not available for checking:
‘koRpus.lang.de’ ‘koRpus.lang.es’ ‘koRpus.lang.fr’ ‘koRpus.lang.it’
‘koRpus.lang.ru’
Package which this enhances but not available for checking: ‘rkward’
Flavors: r-patched-linux-x86_64, r-patched-solaris-x86, r-release-linux-x86_64, r-release-windows-ix86+x86_64, r-release-osx-x86_64, r-oldrel-windows-ix86+x86_64, r-oldrel-osx-x86_64