Last updated on 2019-01-15 00:46:32 CET.
Flavor | Version | Tinstall | Tcheck | Ttotal | Status | Flags |
---|---|---|---|---|---|---|
r-devel-linux-x86_64-debian-clang | 1.0 | 5.11 | 57.84 | 62.95 | NOTE | |
r-devel-linux-x86_64-debian-gcc | 1.0 | 3.99 | 45.35 | 49.34 | NOTE | |
r-devel-linux-x86_64-fedora-clang | 1.0 | 74.04 | NOTE | |||
r-devel-linux-x86_64-fedora-gcc | 1.0 | 68.90 | NOTE | |||
r-devel-windows-ix86+x86_64 | 1.0 | 8.00 | 68.00 | 76.00 | NOTE | |
r-patched-linux-x86_64 | 1.0 | 3.76 | 54.84 | 58.60 | NOTE | |
r-patched-solaris-x86 | 1.0 | 114.70 | NOTE | |||
r-release-linux-x86_64 | 1.0 | 3.76 | 53.58 | 57.34 | NOTE | |
r-release-windows-ix86+x86_64 | 1.0 | 10.00 | 65.00 | 75.00 | NOTE | |
r-release-osx-x86_64 | 1.0 | NOTE | ||||
r-oldrel-windows-ix86+x86_64 | 1.0 | 7.00 | 65.00 | 72.00 | NOTE | |
r-oldrel-osx-x86_64 | 1.0 | NOTE |
Version: 1.0
Check: R code for possible problems
Result: NOTE
Kern.FUN: no visible global function definition for ‘dnorm’
Prob.Covariate.ShortEvent: no visible global function definition for
‘bw.nrd’
optimize.mse.BW: no visible global function definition for ‘optimize’
Undefined global functions or variables:
bw.nrd dnorm optimize
Consider adding
importFrom("stats", "bw.nrd", "dnorm", "optimize")
to your NAMESPACE file.
Flavors: r-devel-linux-x86_64-debian-clang, r-devel-linux-x86_64-debian-gcc, r-devel-linux-x86_64-fedora-clang, r-devel-linux-x86_64-fedora-gcc, r-devel-windows-ix86+x86_64, r-patched-linux-x86_64, r-patched-solaris-x86, r-release-linux-x86_64, r-release-windows-ix86+x86_64, r-release-osx-x86_64, r-oldrel-windows-ix86+x86_64, r-oldrel-osx-x86_64