CRAN Package Check Results for Package latentnet

Last updated on 2019-01-15 00:46:32 CET.

Flavor Version Tinstall Tcheck Ttotal Status Flags
r-devel-linux-x86_64-debian-clang 2.9.0 15.52 133.35 148.87 OK
r-devel-linux-x86_64-debian-gcc 2.9.0 13.49 102.57 116.06 OK
r-devel-linux-x86_64-fedora-clang 2.9.0 181.18 OK
r-devel-linux-x86_64-fedora-gcc 2.9.0 165.00 OK
r-devel-windows-ix86+x86_64 2.9.0 34.00 199.00 233.00 OK
r-patched-linux-x86_64 2.9.0 16.96 127.44 144.40 OK
r-patched-solaris-x86 2.9.0 263.60 OK
r-release-linux-x86_64 2.9.0 14.92 125.19 140.11 OK
r-release-windows-ix86+x86_64 2.9.0 51.00 200.00 251.00 OK
r-release-osx-x86_64 2.9.0 OK
r-oldrel-windows-ix86+x86_64 2.9.0 31.00 234.00 265.00 OK
r-oldrel-osx-x86_64 2.9.0 ERROR

Check Details

Version: 2.9.0
Check: package dependencies
Result: ERROR
    Package required and available but unsuitable version: ‘ergm’
    
    See section ‘The DESCRIPTION file’ in the ‘Writing R Extensions’
    manual.
Flavor: r-oldrel-osx-x86_64