Last updated on 2019-01-15 00:46:33 CET.
Flavor | Version | Tinstall | Tcheck | Ttotal | Status | Flags |
---|---|---|---|---|---|---|
r-devel-linux-x86_64-debian-clang | 1.2.0 | 7.37 | 112.87 | 120.24 | OK | |
r-devel-linux-x86_64-debian-gcc | 1.2.0 | 7.32 | 87.42 | 94.74 | OK | |
r-devel-linux-x86_64-fedora-clang | 1.2.0 | 140.79 | OK | |||
r-devel-linux-x86_64-fedora-gcc | 1.2.0 | 136.68 | OK | |||
r-devel-windows-ix86+x86_64 | 1.2.0 | 16.00 | 134.00 | 150.00 | OK | |
r-patched-linux-x86_64 | 1.2.0 | 8.13 | 105.56 | 113.69 | OK | |
r-patched-solaris-x86 | 1.2.0 | 221.40 | WARN | |||
r-release-linux-x86_64 | 1.2.0 | 8.22 | 105.32 | 113.54 | OK | |
r-release-windows-ix86+x86_64 | 1.2.0 | 21.00 | 124.00 | 145.00 | OK | |
r-release-osx-x86_64 | 1.2.0 | WARN | ||||
r-oldrel-windows-ix86+x86_64 | 1.2.0 | 15.00 | 131.00 | 146.00 | OK | |
r-oldrel-osx-x86_64 | 1.2.0 | WARN |
Version: 1.2.0
Check: re-building of vignette outputs
Result: WARN
Error in re-building vignettes:
...
Warning in engine$weave(file, quiet = quiet, encoding = enc) :
Pandoc (>= 1.12.3) and/or pandoc-citeproc not available. Falling back to R Markdown v1.
Quitting from lines 109-112 (linkspotterVignette.Rmd)
Error: processing vignette 'linkspotterVignette.Rmd' failed with diagnostics:
there is no package called 'webshot'
Execution halted
Flavor: r-patched-solaris-x86
Version: 1.2.0
Check: re-building of vignette outputs
Result: WARN
Error in re-building vignettes:
...
Warning in engine$weave(file, quiet = quiet, encoding = enc) :
Pandoc (>= 1.12.3) and/or pandoc-citeproc not available. Falling back to R Markdown v1.
Quitting from lines 109-112 (linkspotterVignette.Rmd)
Error: processing vignette 'linkspotterVignette.Rmd' failed with diagnostics:
cannot open the connection
Execution halted
Flavors: r-release-osx-x86_64, r-oldrel-osx-x86_64