Last updated on 2019-01-15 00:46:33 CET.
Flavor | Version | Tinstall | Tcheck | Ttotal | Status | Flags |
---|---|---|---|---|---|---|
r-devel-linux-x86_64-debian-clang | 0.9.2 | 8.16 | 113.56 | 121.72 | OK | |
r-devel-linux-x86_64-debian-gcc | 0.9.2 | 7.88 | 86.73 | 94.61 | OK | |
r-devel-linux-x86_64-fedora-clang | 0.9.2 | 143.72 | OK | |||
r-devel-linux-x86_64-fedora-gcc | 0.9.2 | 136.03 | OK | |||
r-devel-windows-ix86+x86_64 | 0.9.2 | 16.00 | 128.00 | 144.00 | OK | |
r-patched-linux-x86_64 | 0.9.2 | 7.85 | 105.51 | 113.36 | OK | |
r-patched-solaris-x86 | 0.9.2 | 3.80 | ERROR | |||
r-release-linux-x86_64 | 0.9.2 | 7.46 | 104.82 | 112.28 | OK | |
r-release-windows-ix86+x86_64 | 0.9.2 | 21.00 | 113.00 | 134.00 | WARN | |
r-release-osx-x86_64 | 0.9.2 | OK | ||||
r-oldrel-windows-ix86+x86_64 | 0.9.2 | 13.00 | 124.00 | 137.00 | OK | |
r-oldrel-osx-x86_64 | 0.9.2 | OK |
Version: 0.9.2
Check: package dependencies
Result: ERROR
Package required but not available: ‘mlr’
See section ‘The DESCRIPTION file’ in the ‘Writing R Extensions’
manual.
Flavor: r-patched-solaris-x86
Version: 0.9.2
Check: whether package can be installed
Result: WARN
Found the following significant warnings:
Warning: S3 methods '[.fun_list', '[.grouped_df', 'all.equal.tbl_df', 'anti_join.data.frame', 'anti_join.tbl_df', 'arrange.data.frame', 'arrange.default', 'arrange.grouped_df', 'arrange.tbl_df', 'arrange_.data.frame', 'arrange_.tbl_df', 'as.data.frame.grouped_df', 'as.data.frame.rowwise_df', 'as.data.frame.tbl_cube', 'as.table.tbl_cube', 'as.tbl.data.frame', 'as.tbl.tbl', 'as.tbl_cube.array', 'as.tbl_cube.data.frame', 'as.tbl_cube.matrix', 'as.tbl_cube.table', 'as_tibble.grouped_df', 'as_tibble.tbl_cube', 'auto_copy.tbl_cube', 'auto_copy.tbl_df', 'cbind.grouped_df', 'collapse.data.frame', 'collect.data.frame', 'common_by.NULL', 'common_by.character', 'common_by.default', 'common_by.list', 'compute.data.frame', 'copy_to.DBIConnection', 'copy_to.src_local', 'default_missing.data.frame', 'default_missing.default', 'dim.tbl_cube', 'distinct.data.frame', 'distinct.default', 'distinct.grouped_df', 'distinct.tbl_df', 'distinct_.data.frame', 'distinct_.grouped_df', 'distinct_.tbl_df', 'do.NULL', 'do.da [... truncated]
Flavor: r-release-windows-ix86+x86_64