CRAN Package Check Results for Package lmerTest

Last updated on 2019-01-15 00:46:33 CET.

Flavor Version Tinstall Tcheck Ttotal Status Flags
r-devel-linux-x86_64-debian-clang 3.0-1 7.37 207.90 215.27 OK
r-devel-linux-x86_64-debian-gcc 3.0-1 6.90 158.68 165.58 OK
r-devel-linux-x86_64-fedora-clang 3.0-1 252.88 OK
r-devel-linux-x86_64-fedora-gcc 3.0-1 238.34 OK
r-devel-windows-ix86+x86_64 3.0-1 14.00 230.00 244.00 OK
r-patched-linux-x86_64 3.0-1 7.86 198.13 205.99 OK
r-patched-solaris-x86 3.0-1 361.30 OK
r-release-linux-x86_64 3.0-1 7.08 198.09 205.17 OK
r-release-windows-ix86+x86_64 3.0-1 19.00 194.00 213.00 WARN
r-release-osx-x86_64 3.0-1 OK
r-oldrel-windows-ix86+x86_64 3.0-1 13.00 265.00 278.00 OK
r-oldrel-osx-x86_64 3.0-1 OK

Check Details

Version: 3.0-1
Check: whether package can be installed
Result: WARN
    Found the following significant warnings:
     Warning: S3 methods '[.fun_list', '[.grouped_df', 'all.equal.tbl_df', 'anti_join.data.frame', 'anti_join.tbl_df', 'arrange.data.frame', 'arrange.default', 'arrange.grouped_df', 'arrange.tbl_df', 'arrange_.data.frame', 'arrange_.tbl_df', 'as.data.frame.grouped_df', 'as.data.frame.rowwise_df', 'as.data.frame.tbl_cube', 'as.table.tbl_cube', 'as.tbl.data.frame', 'as.tbl.tbl', 'as.tbl_cube.array', 'as.tbl_cube.data.frame', 'as.tbl_cube.matrix', 'as.tbl_cube.table', 'as_tibble.grouped_df', 'as_tibble.tbl_cube', 'auto_copy.tbl_cube', 'auto_copy.tbl_df', 'cbind.grouped_df', 'collapse.data.frame', 'collect.data.frame', 'common_by.NULL', 'common_by.character', 'common_by.default', 'common_by.list', 'compute.data.frame', 'copy_to.DBIConnection', 'copy_to.src_local', 'default_missing.data.frame', 'default_missing.default', 'dim.tbl_cube', 'distinct.data.frame', 'distinct.default', 'distinct.grouped_df', 'distinct.tbl_df', 'distinct_.data.frame', 'distinct_.grouped_df', 'distinct_.tbl_df', 'do.NULL', 'do.da [... truncated]
Flavor: r-release-windows-ix86+x86_64