CRAN Package Check Results for Package lpmodeler

Last updated on 2019-01-15 00:46:33 CET.

Flavor Version Tinstall Tcheck Ttotal Status Flags
r-devel-linux-x86_64-debian-clang 0.2-1 0.95 18.71 19.66 NOTE
r-devel-linux-x86_64-debian-gcc 0.2-1 0.69 15.57 16.26 NOTE
r-devel-linux-x86_64-fedora-clang 0.2-1 23.19 NOTE
r-devel-linux-x86_64-fedora-gcc 0.2-1 22.15 NOTE
r-devel-windows-ix86+x86_64 0.2-1 3.00 30.00 33.00 NOTE
r-patched-linux-x86_64 0.2-1 1.01 17.37 18.38 NOTE
r-patched-solaris-x86 0.2-1 36.80 NOTE
r-release-linux-x86_64 0.2-1 0.92 17.30 18.22 NOTE
r-release-windows-ix86+x86_64 0.2-1 3.00 30.00 33.00 NOTE
r-release-osx-x86_64 0.2-1 NOTE
r-oldrel-windows-ix86+x86_64 0.2-1 2.00 29.00 31.00 NOTE
r-oldrel-osx-x86_64 0.2-1 NOTE

Check Details

Version: 0.2-1
Check: dependencies in R code
Result: NOTE
    'library' or 'require' call to ‘Rsymphony’ in package code.
     Please use :: or requireNamespace() instead.
     See section 'Suggested packages' in the 'Writing R Extensions' manual.
Flavors: r-devel-linux-x86_64-debian-clang, r-devel-linux-x86_64-debian-gcc, r-devel-linux-x86_64-fedora-clang, r-devel-linux-x86_64-fedora-gcc, r-devel-windows-ix86+x86_64, r-patched-linux-x86_64, r-patched-solaris-x86, r-release-linux-x86_64, r-release-windows-ix86+x86_64, r-release-osx-x86_64, r-oldrel-windows-ix86+x86_64, r-oldrel-osx-x86_64

Version: 0.2-1
Check: R code for possible problems
Result: NOTE
    mipSolve.Rsymphony: no visible global function definition for
     ‘Rsymphony_solve_LP’
    Undefined global functions or variables:
     Rsymphony_solve_LP
Flavors: r-devel-linux-x86_64-debian-clang, r-devel-linux-x86_64-debian-gcc, r-devel-linux-x86_64-fedora-clang, r-devel-linux-x86_64-fedora-gcc, r-devel-windows-ix86+x86_64, r-patched-linux-x86_64, r-patched-solaris-x86, r-release-linux-x86_64, r-release-windows-ix86+x86_64, r-release-osx-x86_64, r-oldrel-windows-ix86+x86_64, r-oldrel-osx-x86_64

Version: 0.2-1
Check: package dependencies
Result: NOTE
    Package suggested but not available for checking: ‘Rsymphony’
Flavors: r-patched-solaris-x86, r-release-osx-x86_64, r-oldrel-osx-x86_64