Last updated on 2019-01-15 00:46:33 CET.
Flavor | Version | Tinstall | Tcheck | Ttotal | Status | Flags |
---|---|---|---|---|---|---|
r-devel-linux-x86_64-debian-clang | 2.0.4 | 8.27 | 49.44 | 57.71 | OK | |
r-devel-linux-x86_64-debian-gcc | 2.0.4 | 5.96 | 37.95 | 43.91 | OK | |
r-devel-linux-x86_64-fedora-clang | 2.0.4 | 67.30 | OK | |||
r-devel-linux-x86_64-fedora-gcc | 2.0.4 | 64.44 | OK | |||
r-devel-windows-ix86+x86_64 | 2.0.4 | 8.00 | 57.00 | 65.00 | OK | |
r-patched-linux-x86_64 | 2.0.4 | 5.03 | 41.77 | 46.80 | OK | |
r-patched-solaris-x86 | 2.0.4 | 90.00 | OK | |||
r-release-linux-x86_64 | 2.0.4 | 7.01 | 41.99 | 49.00 | OK | |
r-release-windows-ix86+x86_64 | 2.0.4 | 12.00 | 58.00 | 70.00 | OK | |
r-release-osx-x86_64 | 2.0.4 | WARN | ||||
r-oldrel-windows-ix86+x86_64 | 2.0.4 | 5.00 | 57.00 | 62.00 | OK | |
r-oldrel-osx-x86_64 | 2.0.4 | NOTE |
Version: 2.0.4
Check: whether package can be installed
Result: WARN
Found the following significant warnings:
Note: possible error in 'radec2xy(RA, Dec, header = header, ': unused arguments (CTYPE1 = CTYPE1, CTYPE2 = CTYPE2)
Note: possible error in 'xy2radec(x + 0.5 + loc.diff[1], ': unused arguments (CTYPE1 = CTYPE1, CTYPE2 = CTYPE2)
See ‘/Volumes/SSD-Data/Builds/R-dev-web/QA/Simon/packages/el-capitan-x86_64/results/3.5/magicaxis.Rcheck/00install.out’ for details.
Information on the location(s) of code generating the ‘Note’s can be
obtained by re-running with environment variable R_KEEP_PKG_SOURCE set
to ‘yes’.
Flavor: r-release-osx-x86_64
Version: 2.0.4
Check: R code for possible problems
Result: NOTE
magWCSradec2xy: possible error in radec2xy(RA, Dec, header = header,
CRVAL1 = CRVAL1, CRVAL2 = CRVAL2, CRPIX1 = CRPIX1, CRPIX2 = CRPIX2,
CD1_1 = CD1_1, CD1_2 = CD1_2, CD2_1 = CD2_1, CD2_2 = CD2_2, CTYPE1 =
CTYPE1, CTYPE2 = CTYPE2): unused arguments (CTYPE1 = CTYPE1, CTYPE2 =
CTYPE2)
magWCSxy2radec: possible error in xy2radec(x + 0.5 + loc.diff[1], y +
0.5 + loc.diff[2], header = header, CRVAL1 = CRVAL1, CRVAL2 = CRVAL2,
CRPIX1 = CRPIX1, CRPIX2 = CRPIX2, CD1_1 = CD1_1, CD1_2 = CD1_2, CD2_1
= CD2_1, CD2_2 = CD2_2, CTYPE1 = CTYPE1, CTYPE2 = CTYPE2): unused
arguments (CTYPE1 = CTYPE1, CTYPE2 = CTYPE2)
Flavors: r-release-osx-x86_64, r-oldrel-osx-x86_64