Last updated on 2019-01-15 00:46:33 CET.
Flavor | Version | Tinstall | Tcheck | Ttotal | Status | Flags |
---|---|---|---|---|---|---|
r-devel-linux-x86_64-debian-clang | 0.1.0 | 3.96 | 35.23 | 39.19 | OK | |
r-devel-linux-x86_64-debian-gcc | 0.1.0 | 3.23 | 28.20 | 31.43 | OK | |
r-devel-linux-x86_64-fedora-clang | 0.1.0 | 46.35 | NOTE | |||
r-devel-linux-x86_64-fedora-gcc | 0.1.0 | 44.30 | NOTE | |||
r-devel-windows-ix86+x86_64 | 0.1.0 | 6.00 | 54.00 | 60.00 | OK | |
r-patched-linux-x86_64 | 0.1.0 | 3.95 | 34.67 | 38.62 | OK | |
r-patched-solaris-x86 | 0.1.0 | 67.90 | NOTE | |||
r-release-linux-x86_64 | 0.1.0 | 2.66 | 34.69 | 37.35 | OK | |
r-release-windows-ix86+x86_64 | 0.1.0 | 11.00 | 49.00 | 60.00 | OK | |
r-release-osx-x86_64 | 0.1.0 | NOTE | ||||
r-oldrel-windows-ix86+x86_64 | 0.1.0 | 7.00 | 53.00 | 60.00 | OK | |
r-oldrel-osx-x86_64 | 0.1.0 | NOTE |
Version: 0.1.0
Check: dependencies in R code
Result: NOTE
Namespace in Imports field not imported from: ‘viridisLite’
All declared Imports should be used.
Flavors: r-devel-linux-x86_64-fedora-clang, r-devel-linux-x86_64-fedora-gcc, r-patched-solaris-x86, r-release-osx-x86_64, r-oldrel-osx-x86_64