CRAN Package Check Results for Package mapview

Last updated on 2019-01-15 00:46:33 CET.

Flavor Version Tinstall Tcheck Ttotal Status Flags
r-devel-linux-x86_64-debian-clang 2.6.3 32.47 110.75 143.22 OK
r-devel-linux-x86_64-debian-gcc 2.6.3 28.03 88.74 116.77 OK
r-devel-linux-x86_64-fedora-clang 2.6.3 180.53 OK
r-devel-linux-x86_64-fedora-gcc 2.6.3 166.48 OK
r-devel-windows-ix86+x86_64 2.6.3 53.00 173.00 226.00 OK
r-patched-linux-x86_64 2.6.3 34.75 104.97 139.72 OK
r-patched-solaris-x86 2.6.3 230.30 OK
r-release-linux-x86_64 2.6.3 41.49 104.62 146.11 OK
r-release-windows-ix86+x86_64 2.6.3 91.00 172.00 263.00 OK
r-release-osx-x86_64 2.6.3 OK
r-oldrel-windows-ix86+x86_64 2.6.3 60.00 187.00 247.00 NOTE
r-oldrel-osx-x86_64 2.6.3 NOTE

Check Details

Version: 2.6.3
Check: R code for possible problems
Result: NOTE
    is_literally_false: no visible global function definition for 'isFALSE'
    Undefined global functions or variables:
     isFALSE
Flavors: r-oldrel-windows-ix86+x86_64, r-oldrel-osx-x86_64