Last updated on 2019-01-15 00:46:34 CET.
Flavor | Version | Tinstall | Tcheck | Ttotal | Status | Flags |
---|---|---|---|---|---|---|
r-devel-linux-x86_64-debian-clang | 0.0.1 | 1.42 | 22.28 | 23.70 | OK | --no-vignettes |
r-devel-linux-x86_64-debian-gcc | 0.0.1 | 0.92 | 18.28 | 19.20 | OK | --no-vignettes |
r-devel-linux-x86_64-fedora-clang | 0.0.1 | 921.02 | OK | |||
r-devel-linux-x86_64-fedora-gcc | 0.0.1 | 845.86 | OK | |||
r-devel-windows-ix86+x86_64 | 0.0.1 | 2.00 | 760.00 | 762.00 | NOTE | |
r-patched-linux-x86_64 | 0.0.1 | 1.28 | 21.03 | 22.31 | OK | --no-vignettes |
r-patched-solaris-x86 | 0.0.1 | 1100.10 | OK | |||
r-release-linux-x86_64 | 0.0.1 | 1.16 | 21.21 | 22.37 | OK | --no-vignettes |
r-release-windows-ix86+x86_64 | 0.0.1 | 4.00 | 693.00 | 697.00 | NOTE | |
r-release-osx-x86_64 | 0.0.1 | OK | ||||
r-oldrel-windows-ix86+x86_64 | 0.0.1 | 3.00 | 689.00 | 692.00 | NOTE | |
r-oldrel-osx-x86_64 | 0.0.1 | OK |
Version: 0.0.1
Check: package dependencies
Result: NOTE
Package suggested but not available for checking: 'doMC'
Flavors: r-devel-windows-ix86+x86_64, r-release-windows-ix86+x86_64, r-oldrel-windows-ix86+x86_64