Last updated on 2019-01-15 00:46:34 CET.
Flavor | Version | Tinstall | Tcheck | Ttotal | Status | Flags |
---|---|---|---|---|---|---|
r-devel-linux-x86_64-debian-clang | 1.0 | 2.06 | 18.92 | 20.98 | NOTE | |
r-devel-linux-x86_64-debian-gcc | 1.0 | 1.63 | 15.17 | 16.80 | NOTE | |
r-devel-linux-x86_64-fedora-clang | 1.0 | 24.66 | NOTE | |||
r-devel-linux-x86_64-fedora-gcc | 1.0 | 23.13 | NOTE | |||
r-devel-windows-ix86+x86_64 | 1.0 | 3.00 | 30.00 | 33.00 | NOTE | |
r-patched-linux-x86_64 | 1.0 | 1.65 | 17.86 | 19.51 | NOTE | |
r-patched-solaris-x86 | 1.0 | 35.00 | NOTE | |||
r-release-linux-x86_64 | 1.0 | 1.20 | 17.42 | 18.62 | NOTE | |
r-release-windows-ix86+x86_64 | 1.0 | 3.00 | 25.00 | 28.00 | NOTE | |
r-release-osx-x86_64 | 1.0 | NOTE | ||||
r-oldrel-windows-ix86+x86_64 | 1.0 | 2.00 | 35.00 | 37.00 | NOTE | |
r-oldrel-osx-x86_64 | 1.0 | NOTE |
Version: 1.0
Check: R code for possible problems
Result: NOTE
getbetap.A: no visible global function definition for ‘pbeta’
getbetap.A: no visible global function definition for ‘cor.test’
Undefined global functions or variables:
cor.test pbeta
Consider adding
importFrom("stats", "cor.test", "pbeta")
to your NAMESPACE file.
Flavors: r-devel-linux-x86_64-debian-clang, r-devel-linux-x86_64-debian-gcc, r-devel-linux-x86_64-fedora-clang, r-devel-linux-x86_64-fedora-gcc, r-devel-windows-ix86+x86_64, r-patched-linux-x86_64, r-patched-solaris-x86, r-release-linux-x86_64, r-release-windows-ix86+x86_64, r-release-osx-x86_64, r-oldrel-windows-ix86+x86_64, r-oldrel-osx-x86_64