Last updated on 2019-01-15 00:46:34 CET.
Flavor | Version | Tinstall | Tcheck | Ttotal | Status | Flags |
---|---|---|---|---|---|---|
r-devel-linux-x86_64-debian-clang | 1.0.1 | 3.38 | 54.53 | 57.91 | OK | |
r-devel-linux-x86_64-debian-gcc | 1.0.1 | 2.34 | 42.51 | 44.85 | OK | |
r-devel-linux-x86_64-fedora-clang | 1.0.1 | 69.98 | NOTE | |||
r-devel-linux-x86_64-fedora-gcc | 1.0.1 | 62.49 | NOTE | |||
r-devel-windows-ix86+x86_64 | 1.0.1 | 7.00 | 67.00 | 74.00 | OK | |
r-patched-linux-x86_64 | 1.0.1 | 3.12 | 50.89 | 54.01 | NOTE | |
r-patched-solaris-x86 | 1.0.1 | 107.80 | NOTE | |||
r-release-linux-x86_64 | 1.0.1 | 3.06 | 50.78 | 53.84 | NOTE | |
r-release-windows-ix86+x86_64 | 1.0.1 | 9.00 | 63.00 | 72.00 | OK | |
r-release-osx-x86_64 | 1.0.1 | NOTE | ||||
r-oldrel-windows-ix86+x86_64 | 1.0.1 | 6.00 | 76.00 | 82.00 | OK | |
r-oldrel-osx-x86_64 | 1.0.1 | NOTE |
Version: 1.0.1
Check: dependencies in R code
Result: NOTE
Namespace in Imports field not imported from: ‘glmnet’
All declared Imports should be used.
Flavors: r-devel-linux-x86_64-fedora-clang, r-devel-linux-x86_64-fedora-gcc, r-patched-solaris-x86, r-release-osx-x86_64, r-oldrel-osx-x86_64
Version: 1.0.1
Check: DESCRIPTION meta-information
Result: NOTE
Dependence on R version ‘3.3.3’ not with patchlevel 0
Flavors: r-patched-linux-x86_64, r-release-linux-x86_64