CRAN Package Check Results for Package memoise

Last updated on 2019-01-15 00:46:34 CET.

Flavor Version Tinstall Tcheck Ttotal Status Flags
r-devel-linux-x86_64-debian-clang 1.1.0 1.07 20.66 21.73 OK
r-devel-linux-x86_64-debian-gcc 1.1.0 0.74 16.59 17.33 OK
r-devel-linux-x86_64-fedora-clang 1.1.0 25.47 OK
r-devel-linux-x86_64-fedora-gcc 1.1.0 24.20 OK
r-devel-windows-ix86+x86_64 1.1.0 3.00 56.00 59.00 OK
r-patched-linux-x86_64 1.1.0 0.89 18.88 19.77 OK
r-patched-solaris-x86 1.1.0 38.50 OK
r-release-linux-x86_64 1.1.0 0.80 18.92 19.72 OK
r-release-windows-ix86+x86_64 1.1.0 5.00 51.00 56.00 OK
r-release-osx-x86_64 1.1.0 OK
r-oldrel-windows-ix86+x86_64 1.1.0 4.00 52.00 56.00 OK
r-oldrel-osx-x86_64 1.1.0 NOTE

Check Details

Version: 1.1.0
Check: package dependencies
Result: NOTE
    Package suggested but not available for checking: ‘aws.s3’
Flavor: r-oldrel-osx-x86_64