Last updated on 2019-01-15 00:46:34 CET.
Flavor | Version | Tinstall | Tcheck | Ttotal | Status | Flags |
---|---|---|---|---|---|---|
r-devel-linux-x86_64-debian-clang | 0.3.9 | 3.68 | 92.43 | 96.11 | OK | |
r-devel-linux-x86_64-debian-gcc | 0.3.9 | 2.19 | 67.76 | 69.95 | OK | |
r-devel-linux-x86_64-fedora-clang | 0.3.9 | 109.75 | OK | |||
r-devel-linux-x86_64-fedora-gcc | 0.3.9 | 100.52 | OK | |||
r-devel-windows-ix86+x86_64 | 0.3.9 | 6.00 | 56.00 | 62.00 | WARN | |
r-patched-linux-x86_64 | 0.3.9 | 2.95 | 81.01 | 83.96 | OK | |
r-patched-solaris-x86 | 0.3.9 | 133.80 | OK | |||
r-release-linux-x86_64 | 0.3.9 | 3.36 | 82.29 | 85.65 | OK | |
r-release-windows-ix86+x86_64 | 0.3.9 | 8.00 | 55.00 | 63.00 | WARN | |
r-release-osx-x86_64 | 0.3.9 | OK | ||||
r-oldrel-windows-ix86+x86_64 | 0.3.9 | 5.00 | 139.00 | 144.00 | OK | |
r-oldrel-osx-x86_64 | 0.3.9 | OK |
Version: 0.3.9
Check: re-building of vignette outputs
Result: WARN
Error(s) in re-building vignettes:
--- re-building 'metaBMA.Rmd' using rmarkdown
Warning in engine$weave(file, quiet = quiet, encoding = enc) :
The vignette engine knitr::rmarkdown is not available, because the rmarkdown package is not installed. Please install it.
INFORMATION: Es konnten keine Dateien mit dem angegebenen
Muster gefunden werden.
Quitting from lines 63-72 (metaBMA.Rmd)
Error: processing vignette 'metaBMA.Rmd' failed with diagnostics:
Unable to call JAGS
--- failed re-building 'metaBMA.Rmd'
SUMMARY: processing the following file failed:
'metaBMA.Rmd'
Error: Vignette re-building failed.
Execution halted
Flavor: r-devel-windows-ix86+x86_64
Version: 0.3.9
Check: re-building of vignette outputs
Result: WARN
Error in re-building vignettes:
...
Warning in engine$weave(file, quiet = quiet, encoding = enc) :
The vignette engine knitr::rmarkdown is not available, because the rmarkdown package is not installed. Please install it.
INFORMATION: Es konnten keine Dateien mit dem angegebenen
Muster gefunden werden.
Quitting from lines 63-72 (metaBMA.Rmd)
Error: processing vignette 'metaBMA.Rmd' failed with diagnostics:
Unable to call JAGS
Execution halted
Flavor: r-release-windows-ix86+x86_64