Last updated on 2019-01-15 00:46:34 CET.
Flavor | Version | Tinstall | Tcheck | Ttotal | Status | Flags |
---|---|---|---|---|---|---|
r-devel-linux-x86_64-debian-clang | 0.3.1 | 0.81 | 2.20 | 3.01 | ERROR | |
r-devel-linux-x86_64-debian-gcc | 0.3.1 | 21.07 | 78.53 | 99.60 | OK | |
r-devel-linux-x86_64-fedora-clang | 0.3.1 | 152.44 | NOTE | |||
r-devel-linux-x86_64-fedora-gcc | 0.3.1 | 141.90 | NOTE | |||
r-devel-windows-ix86+x86_64 | 0.3.1 | 46.00 | 157.00 | 203.00 | OK | |
r-patched-linux-x86_64 | 0.3.1 | 26.17 | 97.50 | 123.67 | OK | |
r-patched-solaris-x86 | 0.3.1 | 192.00 | NOTE | |||
r-release-linux-x86_64 | 0.3.1 | 24.51 | 98.00 | 122.51 | OK | |
r-release-windows-ix86+x86_64 | 0.3.1 | 58.00 | 160.00 | 218.00 | OK | |
r-release-osx-x86_64 | 0.3.1 | NOTE | ||||
r-oldrel-windows-ix86+x86_64 | 0.3.1 | 47.00 | 184.00 | 231.00 | NOTE | |
r-oldrel-osx-x86_64 | 0.3.0.1 | OK |
Version: 0.3.1
Check: package dependencies
Result: ERROR
Packages required but not available: 'biomformat', 'phyloseq'
See section ‘The DESCRIPTION file’ in the ‘Writing R Extensions’
manual.
Flavor: r-devel-linux-x86_64-debian-clang
Version: 0.3.1
Check: dependencies in R code
Result: NOTE
Namespaces in Imports field not imported from:
‘ggrepel’ ‘reshape’ ‘svglite’
All declared Imports should be used.
Flavors: r-devel-linux-x86_64-fedora-clang, r-devel-linux-x86_64-fedora-gcc, r-patched-solaris-x86, r-release-osx-x86_64
Version: 0.3.1
Check: package dependencies
Result: NOTE
Package suggested but not available for checking: 'BiocManager'
Flavor: r-oldrel-windows-ix86+x86_64