Last updated on 2019-01-15 00:46:34 CET.
Flavor | Version | Tinstall | Tcheck | Ttotal | Status | Flags |
---|---|---|---|---|---|---|
r-devel-linux-x86_64-debian-clang | 1.11 | 89.86 | 156.77 | 246.63 | OK | |
r-devel-linux-x86_64-debian-gcc | 1.11 | 74.06 | 119.28 | 193.34 | OK | |
r-devel-linux-x86_64-fedora-clang | 1.11 | 317.89 | NOTE | |||
r-devel-linux-x86_64-fedora-gcc | 1.11 | 288.51 | OK | |||
r-devel-windows-ix86+x86_64 | 1.11 | 152.00 | 187.00 | 339.00 | OK | |
r-patched-linux-x86_64 | 1.11 | 92.52 | 144.18 | 236.70 | OK | |
r-patched-solaris-x86 | 1.11 | 347.20 | OK | |||
r-release-linux-x86_64 | 1.11 | 84.63 | 145.76 | 230.39 | OK | |
r-release-windows-ix86+x86_64 | 1.11 | 199.00 | 179.00 | 378.00 | OK | |
r-release-osx-x86_64 | 1.11 | NOTE | ||||
r-oldrel-windows-ix86+x86_64 | 1.11 | 128.00 | 232.00 | 360.00 | OK | |
r-oldrel-osx-x86_64 | 1.11 | NOTE |
Version: 1.11
Check: installed package size
Result: NOTE
installed size is 6.9Mb
sub-directories of 1Mb or more:
libs 5.8Mb
Flavors: r-devel-linux-x86_64-fedora-clang, r-release-osx-x86_64, r-oldrel-osx-x86_64