CRAN Package Check Results for Package miWQS

Last updated on 2019-01-15 00:46:35 CET.

Flavor Version Tinstall Tcheck Ttotal Status Flags
r-devel-linux-x86_64-debian-clang 0.0.9 8.83 116.79 125.62 OK
r-devel-linux-x86_64-debian-gcc 0.0.9 7.63 89.32 96.95 OK
r-devel-linux-x86_64-fedora-clang 0.0.9 148.54 NOTE
r-devel-linux-x86_64-fedora-gcc 0.0.9 137.22 NOTE
r-devel-windows-ix86+x86_64 0.0.9 13.00 122.00 135.00 OK
r-patched-linux-x86_64 0.0.9 8.14 108.80 116.94 OK
r-patched-solaris-x86 0.0.9 223.30 NOTE
r-release-linux-x86_64 0.0.9 7.22 111.27 118.49 OK
r-release-windows-ix86+x86_64 0.0.9 18.00 117.00 135.00 OK
r-release-osx-x86_64 0.0.9 NOTE

Check Details

Version: 0.0.9
Check: dependencies in R code
Result: NOTE
    Namespace in Imports field not imported from: ‘graphics’
     All declared Imports should be used.
Flavors: r-devel-linux-x86_64-fedora-clang, r-devel-linux-x86_64-fedora-gcc, r-patched-solaris-x86, r-release-osx-x86_64