Last updated on 2019-01-15 00:46:34 CET.
Flavor | Version | Tinstall | Tcheck | Ttotal | Status | Flags |
---|---|---|---|---|---|---|
r-devel-linux-x86_64-debian-clang | 3.0-16 | 90.63 | 156.03 | 246.66 | OK | |
r-devel-linux-x86_64-debian-gcc | 3.0-16 | 86.72 | 122.99 | 209.71 | OK | |
r-devel-linux-x86_64-fedora-clang | 3.0-16 | 340.44 | NOTE | |||
r-devel-linux-x86_64-fedora-gcc | 3.0-16 | 318.57 | OK | |||
r-devel-windows-ix86+x86_64 | 3.0-16 | 182.00 | 195.00 | 377.00 | OK | |
r-patched-linux-x86_64 | 3.0-16 | 103.17 | 147.73 | 250.90 | OK | |
r-patched-solaris-x86 | 3.0-16 | 372.70 | OK | |||
r-release-linux-x86_64 | 3.0-16 | 101.24 | 149.07 | 250.31 | OK | |
r-release-windows-ix86+x86_64 | 3.0-16 | 255.00 | 198.00 | 453.00 | OK | |
r-release-osx-x86_64 | 3.0-16 | NOTE | ||||
r-oldrel-windows-ix86+x86_64 | 3.0-16 | 170.00 | 225.00 | 395.00 | OK | |
r-oldrel-osx-x86_64 | 3.0-16 | NOTE |
Version: 3.0-16
Check: installed package size
Result: NOTE
installed size is 6.6Mb
sub-directories of 1Mb or more:
libs 5.1Mb
Flavors: r-devel-linux-x86_64-fedora-clang, r-release-osx-x86_64, r-oldrel-osx-x86_64