CRAN Package Check Results for Package mkde

Last updated on 2019-01-15 00:46:35 CET.

Flavor Version Tinstall Tcheck Ttotal Status Flags
r-devel-linux-x86_64-debian-clang 0.1 14.62 77.78 92.40 NOTE
r-devel-linux-x86_64-debian-gcc 0.1 13.82 62.24 76.06 NOTE
r-devel-linux-x86_64-fedora-clang 0.1 112.75 NOTE
r-devel-linux-x86_64-fedora-gcc 0.1 107.90 NOTE
r-devel-windows-ix86+x86_64 0.1 27.00 132.00 159.00 NOTE
r-patched-linux-x86_64 0.1 16.59 74.84 91.43 NOTE
r-patched-solaris-x86 0.1 156.20 NOTE
r-release-linux-x86_64 0.1 14.67 74.38 89.05 NOTE
r-release-windows-ix86+x86_64 0.1 40.00 128.00 168.00 NOTE
r-release-osx-x86_64 0.1 NOTE
r-oldrel-windows-ix86+x86_64 0.1 32.00 125.00 157.00 NOTE
r-oldrel-osx-x86_64 0.1 NOTE

Additional issues

clang-UBSAN gcc-UBSAN

Check Details

Version: 0.1
Check: DESCRIPTION meta-information
Result: NOTE
    Malformed Title field: should not end in a period.
Flavors: r-devel-linux-x86_64-debian-clang, r-devel-linux-x86_64-debian-gcc, r-devel-linux-x86_64-fedora-clang, r-devel-linux-x86_64-fedora-gcc, r-devel-windows-ix86+x86_64, r-patched-linux-x86_64, r-patched-solaris-x86, r-release-linux-x86_64, r-release-windows-ix86+x86_64, r-release-osx-x86_64, r-oldrel-windows-ix86+x86_64, r-oldrel-osx-x86_64

Version: 0.1
Check: R code for possible problems
Result: NOTE
    computeContourValues: no visible global function definition for
     ‘na.omit’
    deselectNonMovementSteps : coOccurProb: no visible global function
     definition for ‘dnorm’
    deselectNonMovementSteps: no visible global function definition for
     ‘pnorm’
    estVarMKDE: no visible global function definition for ‘na.omit’
    estVarMKDE: no visible global function definition for ‘qnorm’
    estVarMKDE: no visible global function definition for ‘optimize’
    plotMKDE: no visible global function definition for ‘rainbow’
    Undefined global functions or variables:
     dnorm na.omit optimize pnorm qnorm rainbow
    Consider adding
     importFrom("grDevices", "rainbow")
     importFrom("stats", "dnorm", "na.omit", "optimize", "pnorm", "qnorm")
    to your NAMESPACE file.
Flavors: r-devel-linux-x86_64-debian-clang, r-devel-linux-x86_64-debian-gcc, r-devel-linux-x86_64-fedora-clang, r-devel-linux-x86_64-fedora-gcc, r-devel-windows-ix86+x86_64, r-patched-linux-x86_64, r-patched-solaris-x86, r-release-linux-x86_64, r-release-windows-ix86+x86_64, r-release-osx-x86_64, r-oldrel-windows-ix86+x86_64, r-oldrel-osx-x86_64

Version: 0.1
Check: compiled code
Result: NOTE
    File ‘mkde/libs/mkde.so’:
     Found no calls to: ‘R_registerRoutines’, ‘R_useDynamicSymbols’
    
    It is good practice to register native routines and to disable symbol
    search.
    
    See ‘Writing portable packages’ in the ‘Writing R Extensions’ manual.
Flavors: r-devel-linux-x86_64-fedora-clang, r-devel-linux-x86_64-fedora-gcc