Last updated on 2019-01-15 00:46:35 CET.
Flavor | Version | Tinstall | Tcheck | Ttotal | Status | Flags |
---|---|---|---|---|---|---|
r-devel-linux-x86_64-debian-clang | 0.3.4-2 | 18.90 | 409.70 | 428.60 | NOTE | |
r-devel-linux-x86_64-debian-gcc | 0.3.4-2 | 18.47 | 286.37 | 304.84 | NOTE | |
r-devel-linux-x86_64-fedora-clang | 0.3.4-2 | 469.43 | NOTE | |||
r-devel-linux-x86_64-fedora-gcc | 0.3.4-2 | 443.11 | NOTE | |||
r-devel-windows-ix86+x86_64 | 0.3.4-2 | 26.00 | 377.00 | 403.00 | OK | |
r-patched-linux-x86_64 | 0.3.4-2 | 19.55 | 341.37 | 360.92 | NOTE | |
r-patched-solaris-x86 | 0.3.4-2 | 4.30 | ERROR | |||
r-release-linux-x86_64 | 0.3.4-2 | 18.75 | 328.55 | 347.30 | NOTE | |
r-release-windows-ix86+x86_64 | 0.3.4-2 | 39.00 | 464.00 | 503.00 | OK | |
r-release-osx-x86_64 | 0.3.4-2 | WARN | ||||
r-oldrel-windows-ix86+x86_64 | 0.3.4-2 | 40.00 | 493.00 | 533.00 | OK | |
r-oldrel-osx-x86_64 | 0.3.4-1 | OK |
Version: 0.3.4-2
Check: package dependencies
Result: NOTE
Package suggested but not available for checking: ‘mRMRe’
Flavors: r-devel-linux-x86_64-debian-clang, r-devel-linux-x86_64-debian-gcc, r-devel-linux-x86_64-fedora-clang, r-devel-linux-x86_64-fedora-gcc, r-patched-linux-x86_64, r-release-linux-x86_64
Version: 0.3.4-2
Check: package dependencies
Result: ERROR
Package required but not available: ‘mlr’
Package suggested but not available for checking: ‘FSelector’
See section ‘The DESCRIPTION file’ in the ‘Writing R Extensions’
manual.
Flavor: r-patched-solaris-x86
Version: 0.3.4-2
Check: re-building of vignette outputs
Result: WARN
Error in re-building vignettes:
...
Warning in engine$weave(file, quiet = quiet, encoding = enc) :
Pandoc (>= 1.12.3) and/or pandoc-citeproc not available. Falling back to R Markdown v1.
Quitting from lines 5-183 (./toc/vignettetoc.Rmd)
Quitting from lines 5-183 (./toc/vignettetoc.Rmd)
Error: processing vignette 'a_1_getting_started.Rmd' failed with diagnostics:
argument is of length zero
Execution halted
Flavor: r-release-osx-x86_64