Last updated on 2019-01-15 00:46:35 CET.
Flavor | Version | Tinstall | Tcheck | Ttotal | Status | Flags |
---|---|---|---|---|---|---|
r-devel-linux-x86_64-debian-clang | 0.1 | 5.69 | 55.73 | 61.42 | NOTE | |
r-devel-linux-x86_64-debian-gcc | 0.1 | 3.48 | 44.87 | 48.35 | NOTE | |
r-devel-linux-x86_64-fedora-clang | 0.1 | 71.63 | NOTE | |||
r-devel-linux-x86_64-fedora-gcc | 0.1 | 67.24 | NOTE | |||
r-devel-windows-ix86+x86_64 | 0.1 | 9.00 | 79.00 | 88.00 | NOTE | |
r-patched-linux-x86_64 | 0.1 | 4.74 | 52.95 | 57.69 | NOTE | |
r-patched-solaris-x86 | 0.1 | 124.00 | NOTE | |||
r-release-linux-x86_64 | 0.1 | 5.22 | 52.34 | 57.56 | NOTE | |
r-release-windows-ix86+x86_64 | 0.1 | 11.00 | 59.00 | 70.00 | NOTE | |
r-release-osx-x86_64 | 0.1 | NOTE | ||||
r-oldrel-windows-ix86+x86_64 | 0.1 | 7.00 | 58.00 | 65.00 | NOTE | |
r-oldrel-osx-x86_64 | 0.1 | NOTE |
Version: 0.1
Check: DESCRIPTION meta-information
Result: NOTE
Checking should be performed on sources prepared by ‘R CMD build’.
Flavors: r-devel-linux-x86_64-debian-clang, r-devel-linux-x86_64-debian-gcc, r-devel-linux-x86_64-fedora-clang, r-devel-linux-x86_64-fedora-gcc, r-devel-windows-ix86+x86_64, r-patched-linux-x86_64, r-patched-solaris-x86, r-release-linux-x86_64, r-release-windows-ix86+x86_64, r-release-osx-x86_64, r-oldrel-windows-ix86+x86_64, r-oldrel-osx-x86_64