Last updated on 2019-01-15 00:46:35 CET.
Flavor | Version | Tinstall | Tcheck | Ttotal | Status | Flags |
---|---|---|---|---|---|---|
r-devel-linux-x86_64-debian-clang | 3.1.1 | 92.66 | 90.17 | 182.83 | OK | |
r-devel-linux-x86_64-debian-gcc | 3.1.1 | 82.35 | 68.72 | 151.07 | OK | |
r-devel-linux-x86_64-fedora-clang | 3.1.1 | 272.57 | NOTE | |||
r-devel-linux-x86_64-fedora-gcc | 3.1.1 | 232.94 | OK | |||
r-devel-windows-ix86+x86_64 | 3.1.1 | 163.00 | 186.00 | 349.00 | OK | |
r-patched-linux-x86_64 | 3.1.1 | 102.27 | 84.88 | 187.15 | OK | |
r-patched-solaris-x86 | 3.1.1 | 267.90 | OK | |||
r-release-linux-x86_64 | 3.1.1 | 106.96 | 85.78 | 192.74 | OK | |
r-release-windows-ix86+x86_64 | 3.1.1 | 220.00 | 145.00 | 365.00 | OK | |
r-release-osx-x86_64 | 3.1.1 | OK | ||||
r-oldrel-windows-ix86+x86_64 | 3.1.1 | 176.00 | 164.00 | 340.00 | OK | |
r-oldrel-osx-x86_64 | 3.1.1 | OK |
Version: 3.1.1
Check: installed package size
Result: NOTE
installed size is 5.5Mb
sub-directories of 1Mb or more:
data 2.0Mb
libs 2.9Mb
Flavor: r-devel-linux-x86_64-fedora-clang