CRAN Package Check Results for Package multipanelfigure

Last updated on 2019-01-15 00:46:36 CET.

Flavor Version Tinstall Tcheck Ttotal Status Flags
r-devel-linux-x86_64-debian-clang 2.0.0 3.73 61.33 65.06 WARN
r-devel-linux-x86_64-debian-gcc 2.0.0 2.85 47.48 50.33 WARN
r-devel-linux-x86_64-fedora-clang 2.0.2 80.92 OK
r-devel-linux-x86_64-fedora-gcc 2.0.2 72.15 OK
r-devel-windows-ix86+x86_64 2.0.0 8.00 75.00 83.00 WARN
r-patched-linux-x86_64 2.0.0 3.47 54.87 58.34 OK
r-release-linux-x86_64 2.0.0 3.31 54.36 57.67 OK
r-release-windows-ix86+x86_64 2.0.0 11.00 72.00 83.00 OK
r-release-osx-x86_64 2.0.0 OK
r-oldrel-windows-ix86+x86_64 2.0.2 11.00 121.00 132.00 OK
r-oldrel-osx-x86_64 2.0.0 OK

Check Details

Version: 2.0.0
Check: re-building of vignette outputs
Result: WARN
    Error(s) in re-building vignettes:
     ...
    duplicated vignette title:
     ‘Positioning of Panels’
    
    --- re-building ‘panel-positioning.Rmd’ using rmarkdown
    --- finished re-building ‘panel-positioning.Rmd’
    
    --- re-building ‘scaling-clipping-images.Rmd’ using rmarkdown
    --- finished re-building ‘scaling-clipping-images.Rmd’
    
    Error: Duplicate vignette titles.
     Ensure that the %\VignetteIndexEntry lines in the vignette sources
     correspond to the vignette titles.
    Execution halted
Flavors: r-devel-linux-x86_64-debian-clang, r-devel-linux-x86_64-debian-gcc

Version: 2.0.0
Check: re-building of vignette outputs
Result: WARN
    Error(s) in re-building vignettes:
    duplicated vignette title:
     'Positioning of Panels'
    
    --- re-building 'panel-positioning.Rmd' using rmarkdown
    --- finished re-building 'panel-positioning.Rmd'
    
    --- re-building 'scaling-clipping-images.Rmd' using rmarkdown
    --- finished re-building 'scaling-clipping-images.Rmd'
    
    Error: Duplicate vignette titles.
     Ensure that the %\VignetteIndexEntry lines in the vignette sources
     correspond to the vignette titles.
    Execution halted
Flavor: r-devel-windows-ix86+x86_64