Last updated on 2019-01-15 00:46:36 CET.
Flavor | Version | Tinstall | Tcheck | Ttotal | Status | Flags |
---|---|---|---|---|---|---|
r-devel-linux-x86_64-debian-clang | 0.8.0 | 20.81 | 225.38 | 246.19 | OK | |
r-devel-linux-x86_64-debian-gcc | 0.8.0 | 16.49 | 179.89 | 196.38 | OK | |
r-devel-linux-x86_64-fedora-clang | 0.8.0 | 293.04 | NOTE | |||
r-devel-linux-x86_64-fedora-gcc | 0.8.0 | 285.95 | NOTE | |||
r-devel-windows-ix86+x86_64 | 0.8.0 | 37.00 | 487.00 | 524.00 | NOTE | |
r-patched-linux-x86_64 | 0.8.0 | 21.83 | 213.20 | 235.03 | OK | |
r-patched-solaris-x86 | 0.8.0 | 452.00 | NOTE | |||
r-release-linux-x86_64 | 0.8.0 | 20.83 | 214.11 | 234.94 | OK | |
r-release-windows-ix86+x86_64 | 0.8.0 | 56.00 | 377.00 | 433.00 | NOTE | |
r-release-osx-x86_64 | 0.8.0 | NOTE | ||||
r-oldrel-windows-ix86+x86_64 | 0.8.0 | 37.00 | 466.00 | 503.00 | NOTE | |
r-oldrel-osx-x86_64 | 0.8.0 | NOTE |
Version: 0.8.0
Check: installed package size
Result: NOTE
installed size is 5.4Mb
sub-directories of 1Mb or more:
data 2.0Mb
doc 2.4Mb
Flavors: r-devel-linux-x86_64-fedora-clang, r-devel-windows-ix86+x86_64, r-patched-solaris-x86, r-release-windows-ix86+x86_64, r-release-osx-x86_64, r-oldrel-windows-ix86+x86_64, r-oldrel-osx-x86_64
Version: 0.8.0
Check: dependencies in R code
Result: NOTE
Namespace in Imports field not imported from: ‘biomartr’
All declared Imports should be used.
Flavors: r-devel-linux-x86_64-fedora-clang, r-devel-linux-x86_64-fedora-gcc, r-patched-solaris-x86, r-release-osx-x86_64, r-oldrel-osx-x86_64