CRAN Package Check Results for Package nFactors

Last updated on 2019-01-15 00:46:36 CET.

Flavor Version Tinstall Tcheck Ttotal Status Flags
r-devel-linux-x86_64-debian-clang 2.3.3 2.83 49.56 52.39 NOTE
r-devel-linux-x86_64-debian-gcc 2.3.3 2.04 38.72 40.76 NOTE
r-devel-linux-x86_64-fedora-clang 2.3.3 66.73 NOTE
r-devel-linux-x86_64-fedora-gcc 2.3.3 59.39 NOTE
r-devel-windows-ix86+x86_64 2.3.3 6.00 76.00 82.00 NOTE
r-patched-linux-x86_64 2.3.3 3.39 47.72 51.11 NOTE
r-patched-solaris-x86 2.3.3 83.20 NOTE
r-release-linux-x86_64 2.3.3 3.78 47.05 50.83 NOTE
r-release-windows-ix86+x86_64 2.3.3 9.00 58.00 67.00 NOTE
r-release-osx-x86_64 2.3.3 NOTE
r-oldrel-windows-ix86+x86_64 2.3.3 5.00 55.00 60.00 NOTE
r-oldrel-osx-x86_64 2.3.3 NOTE

Check Details

Version: 2.3.3
Check: dependencies in R code
Result: NOTE
    Packages in Depends field not imported from:
     ‘MASS’ ‘boot’ ‘lattice’ ‘psych’
     These packages need to be imported from (in the NAMESPACE file)
     for when this namespace is loaded but not attached.
Flavors: r-devel-linux-x86_64-debian-clang, r-devel-linux-x86_64-debian-gcc, r-devel-linux-x86_64-fedora-clang, r-devel-linux-x86_64-fedora-gcc, r-devel-windows-ix86+x86_64, r-patched-linux-x86_64, r-patched-solaris-x86, r-release-linux-x86_64, r-release-windows-ix86+x86_64, r-release-osx-x86_64, r-oldrel-windows-ix86+x86_64, r-oldrel-osx-x86_64

Version: 2.3.3
Check: R code for possible problems
Result: NOTE
    bentlerParameters: no visible global function definition for ‘lm’
    bentlerParameters: no visible global function definition for
     ‘wireframe’
    bentlerParameters: no visible global function definition for
     ‘contourplot’
    bentlerParameters: no visible global function definition for
     ‘levelplot’
    bentlerParameters: no visible global function definition for ‘nlminb’
    bentlerParameters: no visible global function definition for ‘pchisq’
    boxplot.structureSim: no visible global function definition for
     ‘abline’
    corFA: no visible global function definition for ‘ginv’
    eigenBootParallel: no visible global function definition for ‘cov’
    eigenComputes: no visible global function definition for ‘cov2cor’
    eigenComputes: no visible global function definition for ‘cov’
    iterativePrincipalAxis: no visible global function definition for
     ‘ginv’
    moreStats: no visible binding for global variable ‘sd’
    moreStats: no visible global function definition for ‘median’
    nBartlett: no visible global function definition for ‘pchisq’
    nBentler: no visible global function definition for ‘lm’
    nCng: no visible global function definition for ‘lm’
    nMreg: no visible global function definition for ‘lm’
    nMreg: no visible global function definition for ‘sd’
    nMreg: no visible global function definition for ‘pt’
    nScree: no visible global function definition for ‘lm’
    nScree: no visible global function definition for ‘coef’
    nSeScree: no visible global function definition for ‘lm’
    nSeScree: no visible global function definition for ‘sd’
    parallel: no visible global function definition for ‘mvrnorm’
    parallel: no visible global function definition for ‘cov’
    parallel: no visible global function definition for ‘ginv’
    parallel : SEcentile: no visible global function definition for ‘dnorm’
    parallel : SEcentile: no visible global function definition for ‘qnorm’
    plot.structureSim: no visible global function definition for ‘plot’
    plot.structureSim: no visible global function definition for ‘abline’
    plot.structureSim: no visible global function definition for ‘median’
    plot.structureSim: no visible global function definition for ‘lines’
    plotParallel: no visible global function definition for ‘plot.default’
    plotParallel: no visible global function definition for ‘lines’
    plotnScree: no visible global function definition for ‘par’
    plotnScree: no visible global function definition for ‘lm’
    plotnScree: no visible global function definition for ‘coef’
    plotnScree: no visible global function definition for ‘lines’
    plotnScree: no visible global function definition for ‘text’
    plotuScree: no visible global function definition for ‘par’
    plotuScree: no visible global function definition for ‘plot.default’
    principalAxis: no visible global function definition for ‘ginv’
    rRecovery: no visible global function definition for ‘cor’
    structureSim: no visible global function definition for ‘sim.structure’
    structureSim: no visible global function definition for ‘factanal’
    Undefined global functions or variables:
     abline coef contourplot cor cov cov2cor dnorm factanal ginv levelplot
     lines lm median mvrnorm nlminb par pchisq plot plot.default pt qnorm
     sd sim.structure text wireframe
    Consider adding
     importFrom("graphics", "abline", "lines", "par", "plot",
     "plot.default", "text")
     importFrom("stats", "coef", "cor", "cov", "cov2cor", "dnorm",
     "factanal", "lm", "median", "nlminb", "pchisq", "pt",
     "qnorm", "sd")
    to your NAMESPACE file.
Flavors: r-devel-linux-x86_64-debian-clang, r-devel-linux-x86_64-debian-gcc, r-devel-linux-x86_64-fedora-clang, r-devel-linux-x86_64-fedora-gcc, r-devel-windows-ix86+x86_64, r-patched-linux-x86_64, r-patched-solaris-x86, r-release-linux-x86_64, r-release-windows-ix86+x86_64, r-release-osx-x86_64, r-oldrel-windows-ix86+x86_64, r-oldrel-osx-x86_64