Last updated on 2019-01-15 00:46:36 CET.
Flavor | Version | Tinstall | Tcheck | Ttotal | Status | Flags |
---|---|---|---|---|---|---|
r-devel-linux-x86_64-debian-clang | 1.0.4 | 1.22 | 27.05 | 28.27 | OK | |
r-devel-linux-x86_64-debian-gcc | 1.0.4 | 0.95 | 22.35 | 23.30 | OK | |
r-devel-linux-x86_64-fedora-clang | 1.0.4 | 35.41 | OK | |||
r-devel-linux-x86_64-fedora-gcc | 1.0.4 | 32.71 | OK | |||
r-devel-windows-ix86+x86_64 | 1.0.4 | 3.00 | 54.00 | 57.00 | OK | |
r-patched-linux-x86_64 | 1.0.4 | 1.50 | 24.94 | 26.44 | OK | |
r-patched-solaris-x86 | 1.0.4 | 51.40 | OK | |||
r-release-linux-x86_64 | 1.0.4 | 1.42 | 25.11 | 26.53 | OK | |
r-release-windows-ix86+x86_64 | 1.0.4 | 5.00 | 42.00 | 47.00 | OK | |
r-release-osx-x86_64 | 1.0.4 | OK | ||||
r-oldrel-windows-ix86+x86_64 | 1.0.4 | 5.00 | 53.00 | 58.00 | OK | |
r-oldrel-osx-x86_64 | 1.0.2 | ERROR |
Version: 1.0.2
Check: package dependencies
Result: NOTE
Package suggested but not available for checking: ‘vcr’
Flavor: r-oldrel-osx-x86_64
Version: 1.0.2
Check: tests
Result: ERROR
Running ‘testthat.R’ [0s/0s]
Running the tests in ‘tests/testthat.R’ failed.
Complete output:
> library(testthat)
> library(nasapower)
>
> test_check("nasapower")
Error in library("vcr") : there is no package called 'vcr'
Calls: test_check ... source_dir -> lapply -> FUN -> eval -> eval -> library
Execution halted
Flavor: r-oldrel-osx-x86_64