CRAN Package Check Results for Package networkGen

Last updated on 2019-01-15 00:46:36 CET.

Flavor Version Tinstall Tcheck Ttotal Status Flags
r-devel-linux-x86_64-debian-clang 0.1.1 2.26 27.25 29.51 OK
r-devel-linux-x86_64-debian-gcc 0.1.1 1.53 22.11 23.64 OK
r-devel-linux-x86_64-fedora-clang 0.1.1 34.83 NOTE
r-devel-linux-x86_64-fedora-gcc 0.1.1 32.56 NOTE
r-devel-windows-ix86+x86_64 0.1.1 4.00 51.00 55.00 OK
r-patched-linux-x86_64 0.1.1 2.14 24.78 26.92 OK
r-patched-solaris-x86 0.1.1 51.70 NOTE
r-release-linux-x86_64 0.1.1 1.88 25.28 27.16 OK
r-release-windows-ix86+x86_64 0.1.1 6.00 38.00 44.00 OK
r-release-osx-x86_64 0.1.1 NOTE
r-oldrel-windows-ix86+x86_64 0.1.1 3.00 38.00 41.00 OK
r-oldrel-osx-x86_64 0.1.1 NOTE

Check Details

Version: 0.1.1
Check: dependencies in R code
Result: NOTE
    Namespaces in Imports field not imported from:
     ‘mgcv’ ‘stats’
     All declared Imports should be used.
Flavors: r-devel-linux-x86_64-fedora-clang, r-devel-linux-x86_64-fedora-gcc, r-patched-solaris-x86, r-release-osx-x86_64, r-oldrel-osx-x86_64