CRAN Package Check Results for Package npsp

Last updated on 2019-01-15 00:46:37 CET.

Flavor Version Tinstall Tcheck Ttotal Status Flags
r-devel-linux-x86_64-debian-clang 0.5-3 6.81 43.72 50.53 OK
r-devel-linux-x86_64-debian-gcc 0.5-3 6.07 33.30 39.37 OK
r-devel-linux-x86_64-fedora-clang 0.5-3 59.48 NOTE
r-devel-linux-x86_64-fedora-gcc 0.5-3 57.69 NOTE
r-devel-windows-ix86+x86_64 0.5-3 24.00 73.00 97.00 OK
r-patched-linux-x86_64 0.5-3 6.27 40.57 46.84 OK
r-patched-solaris-x86 0.5-3 84.40 OK
r-release-linux-x86_64 0.5-3 6.88 40.55 47.43 OK
r-release-windows-ix86+x86_64 0.5-3 28.00 64.00 92.00 OK
r-release-osx-x86_64 0.5-3 OK
r-oldrel-windows-ix86+x86_64 0.5-3 17.00 67.00 84.00 OK
r-oldrel-osx-x86_64 0.5-3 OK

Check Details

Version: 0.5-3
Check: compiled code
Result: NOTE
    File ‘npsp/libs/npsp.so’:
     Found no calls to: ‘R_registerRoutines’, ‘R_useDynamicSymbols’
    
    It is good practice to register native routines and to disable symbol
    search.
    
    See ‘Writing portable packages’ in the ‘Writing R Extensions’ manual.
Flavors: r-devel-linux-x86_64-fedora-clang, r-devel-linux-x86_64-fedora-gcc